{"id":12575,"date":"2025-12-05T22:07:24","date_gmt":"2025-12-05T21:07:24","guid":{"rendered":"https:\/\/parapharmolivier.com\/?post_type=product&#038;p=12575"},"modified":"2025-12-05T22:07:24","modified_gmt":"2025-12-05T21:07:24","slug":"seoul-1988-serum","status":"publish","type":"product","link":"https:\/\/parapharmolivier.com\/index.php\/product\/seoul-1988-serum\/","title":{"rendered":"Seoul 1988 Serum\u00a0"},"content":{"rendered":"<p data-start=\"81\" data-end=\"476\"><strong>Seoul 1988 Serum est un concentr\u00e9 de soin hautement performant, inspir\u00e9 de la science cor\u00e9enne, con\u00e7u pour am\u00e9liorer visiblement la texture, l\u2019\u00e9clat et la qualit\u00e9 globale de la peau. Formul\u00e9 avec des actifs puissants comme le retinal, la niacinamide, les peptides et l\u2019acide hyaluronique, il agit sur plusieurs niveaux pour offrir un v\u00e9ritable renouvellement cutan\u00e9.<\/strong><\/p>\n<p data-start=\"478\" data-end=\"875\"><strong>Gr\u00e2ce au retinal encapsul\u00e9, un d\u00e9riv\u00e9 du r\u00e9tinol plus efficace et mieux tol\u00e9r\u00e9, le s\u00e9rum stimule la production de collag\u00e8ne, acc\u00e9l\u00e8re le renouvellement cellulaire et aide \u00e0 lisser les ridules ainsi qu\u2019\u00e0 r\u00e9duire l\u2019apparence des taches et des imperfections. La niacinamide vient renforcer son action en unifiant le teint, en r\u00e9duisant les pores visibles et en renfor\u00e7ant la barri\u00e8re cutan\u00e9e.<\/strong><\/p>\n<p data-start=\"877\" data-end=\"1272\"><strong>Les peptides apportent un effet fermet\u00e9 tout en soutenant la r\u00e9g\u00e9n\u00e9ration de la peau, tandis que l\u2019acide hyaluronique assure une hydratation profonde, offrant une peau plus douce, repulp\u00e9e et lumineuse. Sa texture l\u00e9g\u00e8re, soyeuse et non collante p\u00e9n\u00e8tre rapidement sans laisser de film gras, ce qui en fait un excellent choix aussi bien pour les routines du soir que du matin (avec SPF).<\/strong><\/p>\n<p data-start=\"1274\" data-end=\"1439\"><strong>R\u00e9sultat : une peau plus lisse, plus ferme, uniforme et visiblement \u00e9clatante, avec une am\u00e9lioration progressive mais durable de sa qualit\u00e9 g\u00e9n\u00e9rale.<\/strong><\/p>\n","protected":false},"excerpt":{"rendered":"<p>Seoul 1988 Serum<\/p>\n","protected":false},"featured_media":12576,"comment_status":"open","ping_status":"closed","template":"","meta":[],"product_cat":[503,100,214,649,63],"product_tag":[],"yoast_head":"<!-- This site is optimized with the Yoast SEO plugin v22.4 - https:\/\/yoast.com\/wordpress\/plugins\/seo\/ -->\n<title>Seoul 1988 Serum\u00a0 - parapharmolivier<\/title>\n<meta name=\"robots\" content=\"index, follow, max-snippet:-1, max-image-preview:large, max-video-preview:-1\" \/>\n<link rel=\"canonical\" href=\"https:\/\/parapharmolivier.com\/index.php\/product\/seoul-1988-serum\/\" \/>\n<meta property=\"og:locale\" content=\"fr_FR\" \/>\n<meta property=\"og:type\" content=\"article\" \/>\n<meta property=\"og:title\" content=\"Seoul 1988 Serum\u00a0 - parapharmolivier\" \/>\n<meta property=\"og:description\" content=\"Seoul 1988 Serum\" \/>\n<meta property=\"og:url\" content=\"https:\/\/parapharmolivier.com\/index.php\/product\/seoul-1988-serum\/\" \/>\n<meta property=\"og:site_name\" content=\"parapharmolivier\" \/>\n<meta property=\"article:publisher\" content=\"https:\/\/www.facebook.com\/profile.php?id=100042409962367&amp;locale=fr_FR\" \/>\n<meta property=\"og:image\" content=\"https:\/\/parapharmolivier.com\/wp-content\/uploads\/2025\/12\/Untitled-design-7.png\" \/>\n\t<meta property=\"og:image:width\" content=\"620\" \/>\n\t<meta property=\"og:image:height\" content=\"620\" \/>\n\t<meta property=\"og:image:type\" content=\"image\/png\" \/>\n<meta name=\"twitter:card\" content=\"summary_large_image\" \/>\n<meta name=\"twitter:label1\" content=\"Dur\u00e9e de lecture estim\u00e9e\" \/>\n\t<meta name=\"twitter:data1\" content=\"2 minutes\" \/>\n<script type=\"application\/ld+json\" class=\"yoast-schema-graph\">{\"@context\":\"https:\/\/schema.org\",\"@graph\":[{\"@type\":\"WebPage\",\"@id\":\"https:\/\/parapharmolivier.com\/index.php\/product\/seoul-1988-serum\/\",\"url\":\"https:\/\/parapharmolivier.com\/index.php\/product\/seoul-1988-serum\/\",\"name\":\"Seoul 1988 Serum\u00a0 - parapharmolivier\",\"isPartOf\":{\"@id\":\"https:\/\/parapharmolivier.com\/#website\"},\"primaryImageOfPage\":{\"@id\":\"https:\/\/parapharmolivier.com\/index.php\/product\/seoul-1988-serum\/#primaryimage\"},\"image\":{\"@id\":\"https:\/\/parapharmolivier.com\/index.php\/product\/seoul-1988-serum\/#primaryimage\"},\"thumbnailUrl\":\"https:\/\/parapharmolivier.com\/wp-content\/uploads\/2025\/12\/Untitled-design-7.png\",\"datePublished\":\"2025-12-05T21:07:24+00:00\",\"dateModified\":\"2025-12-05T21:07:24+00:00\",\"breadcrumb\":{\"@id\":\"https:\/\/parapharmolivier.com\/index.php\/product\/seoul-1988-serum\/#breadcrumb\"},\"inLanguage\":\"fr-FR\",\"potentialAction\":[{\"@type\":\"ReadAction\",\"target\":[\"https:\/\/parapharmolivier.com\/index.php\/product\/seoul-1988-serum\/\"]}]},{\"@type\":\"ImageObject\",\"inLanguage\":\"fr-FR\",\"@id\":\"https:\/\/parapharmolivier.com\/index.php\/product\/seoul-1988-serum\/#primaryimage\",\"url\":\"https:\/\/parapharmolivier.com\/wp-content\/uploads\/2025\/12\/Untitled-design-7.png\",\"contentUrl\":\"https:\/\/parapharmolivier.com\/wp-content\/uploads\/2025\/12\/Untitled-design-7.png\",\"width\":620,\"height\":620},{\"@type\":\"BreadcrumbList\",\"@id\":\"https:\/\/parapharmolivier.com\/index.php\/product\/seoul-1988-serum\/#breadcrumb\",\"itemListElement\":[{\"@type\":\"ListItem\",\"position\":1,\"name\":\"Accueil\",\"item\":\"https:\/\/parapharmolivier.com\/\"},{\"@type\":\"ListItem\",\"position\":2,\"name\":\"Shop\",\"item\":\"https:\/\/parapharmolivier.com\/index.php\/shop\/\"},{\"@type\":\"ListItem\",\"position\":3,\"name\":\"Seoul 1988 Serum\u00a0\"}]},{\"@type\":\"WebSite\",\"@id\":\"https:\/\/parapharmolivier.com\/#website\",\"url\":\"https:\/\/parapharmolivier.com\/\",\"name\":\"parapharmolivier.com\",\"description\":\"L&#039;olivier toujours dans votre service\",\"publisher\":{\"@id\":\"https:\/\/parapharmolivier.com\/#organization\"},\"alternateName\":\"Parapharmacie L''Olivier\",\"potentialAction\":[{\"@type\":\"SearchAction\",\"target\":{\"@type\":\"EntryPoint\",\"urlTemplate\":\"https:\/\/parapharmolivier.com\/?s={search_term_string}\"},\"query-input\":\"required name=search_term_string\"}],\"inLanguage\":\"fr-FR\"},{\"@type\":\"Organization\",\"@id\":\"https:\/\/parapharmolivier.com\/#organization\",\"name\":\"Parapharmacie l'Olivier\",\"url\":\"https:\/\/parapharmolivier.com\/\",\"logo\":{\"@type\":\"ImageObject\",\"inLanguage\":\"fr-FR\",\"@id\":\"https:\/\/parapharmolivier.com\/#\/schema\/logo\/image\/\",\"url\":\"https:\/\/parapharmolivier.com\/wp-content\/uploads\/2024\/03\/Pharmacie-l-Olivier-Logo.png\",\"contentUrl\":\"https:\/\/parapharmolivier.com\/wp-content\/uploads\/2024\/03\/Pharmacie-l-Olivier-Logo.png\",\"width\":6300,\"height\":2752,\"caption\":\"Parapharmacie l'Olivier\"},\"image\":{\"@id\":\"https:\/\/parapharmolivier.com\/#\/schema\/logo\/image\/\"},\"sameAs\":[\"https:\/\/www.facebook.com\/profile.php?id=100042409962367&locale=fr_FR\",\"https:\/\/www.instagram.com\/pharmacie_l.olivier_said_hamdi\/\"]}]}<\/script>\n<!-- \/ Yoast SEO plugin. -->","yoast_head_json":{"title":"Seoul 1988 Serum\u00a0 - parapharmolivier","robots":{"index":"index","follow":"follow","max-snippet":"max-snippet:-1","max-image-preview":"max-image-preview:large","max-video-preview":"max-video-preview:-1"},"canonical":"https:\/\/parapharmolivier.com\/index.php\/product\/seoul-1988-serum\/","og_locale":"fr_FR","og_type":"article","og_title":"Seoul 1988 Serum\u00a0 - parapharmolivier","og_description":"Seoul 1988 Serum","og_url":"https:\/\/parapharmolivier.com\/index.php\/product\/seoul-1988-serum\/","og_site_name":"parapharmolivier","article_publisher":"https:\/\/www.facebook.com\/profile.php?id=100042409962367&locale=fr_FR","og_image":[{"width":620,"height":620,"url":"https:\/\/parapharmolivier.com\/wp-content\/uploads\/2025\/12\/Untitled-design-7.png","type":"image\/png"}],"twitter_card":"summary_large_image","twitter_misc":{"Dur\u00e9e de lecture estim\u00e9e":"2 minutes"},"schema":{"@context":"https:\/\/schema.org","@graph":[{"@type":"WebPage","@id":"https:\/\/parapharmolivier.com\/index.php\/product\/seoul-1988-serum\/","url":"https:\/\/parapharmolivier.com\/index.php\/product\/seoul-1988-serum\/","name":"Seoul 1988 Serum\u00a0 - parapharmolivier","isPartOf":{"@id":"https:\/\/parapharmolivier.com\/#website"},"primaryImageOfPage":{"@id":"https:\/\/parapharmolivier.com\/index.php\/product\/seoul-1988-serum\/#primaryimage"},"image":{"@id":"https:\/\/parapharmolivier.com\/index.php\/product\/seoul-1988-serum\/#primaryimage"},"thumbnailUrl":"https:\/\/parapharmolivier.com\/wp-content\/uploads\/2025\/12\/Untitled-design-7.png","datePublished":"2025-12-05T21:07:24+00:00","dateModified":"2025-12-05T21:07:24+00:00","breadcrumb":{"@id":"https:\/\/parapharmolivier.com\/index.php\/product\/seoul-1988-serum\/#breadcrumb"},"inLanguage":"fr-FR","potentialAction":[{"@type":"ReadAction","target":["https:\/\/parapharmolivier.com\/index.php\/product\/seoul-1988-serum\/"]}]},{"@type":"ImageObject","inLanguage":"fr-FR","@id":"https:\/\/parapharmolivier.com\/index.php\/product\/seoul-1988-serum\/#primaryimage","url":"https:\/\/parapharmolivier.com\/wp-content\/uploads\/2025\/12\/Untitled-design-7.png","contentUrl":"https:\/\/parapharmolivier.com\/wp-content\/uploads\/2025\/12\/Untitled-design-7.png","width":620,"height":620},{"@type":"BreadcrumbList","@id":"https:\/\/parapharmolivier.com\/index.php\/product\/seoul-1988-serum\/#breadcrumb","itemListElement":[{"@type":"ListItem","position":1,"name":"Accueil","item":"https:\/\/parapharmolivier.com\/"},{"@type":"ListItem","position":2,"name":"Shop","item":"https:\/\/parapharmolivier.com\/index.php\/shop\/"},{"@type":"ListItem","position":3,"name":"Seoul 1988 Serum\u00a0"}]},{"@type":"WebSite","@id":"https:\/\/parapharmolivier.com\/#website","url":"https:\/\/parapharmolivier.com\/","name":"parapharmolivier.com","description":"L&#039;olivier toujours dans votre service","publisher":{"@id":"https:\/\/parapharmolivier.com\/#organization"},"alternateName":"Parapharmacie L''Olivier","potentialAction":[{"@type":"SearchAction","target":{"@type":"EntryPoint","urlTemplate":"https:\/\/parapharmolivier.com\/?s={search_term_string}"},"query-input":"required name=search_term_string"}],"inLanguage":"fr-FR"},{"@type":"Organization","@id":"https:\/\/parapharmolivier.com\/#organization","name":"Parapharmacie l'Olivier","url":"https:\/\/parapharmolivier.com\/","logo":{"@type":"ImageObject","inLanguage":"fr-FR","@id":"https:\/\/parapharmolivier.com\/#\/schema\/logo\/image\/","url":"https:\/\/parapharmolivier.com\/wp-content\/uploads\/2024\/03\/Pharmacie-l-Olivier-Logo.png","contentUrl":"https:\/\/parapharmolivier.com\/wp-content\/uploads\/2024\/03\/Pharmacie-l-Olivier-Logo.png","width":6300,"height":2752,"caption":"Parapharmacie l'Olivier"},"image":{"@id":"https:\/\/parapharmolivier.com\/#\/schema\/logo\/image\/"},"sameAs":["https:\/\/www.facebook.com\/profile.php?id=100042409962367&locale=fr_FR","https:\/\/www.instagram.com\/pharmacie_l.olivier_said_hamdi\/"]}]}},"jetpack_sharing_enabled":true,"_links":{"self":[{"href":"https:\/\/parapharmolivier.com\/index.php\/wp-json\/wp\/v2\/product\/12575"}],"collection":[{"href":"https:\/\/parapharmolivier.com\/index.php\/wp-json\/wp\/v2\/product"}],"about":[{"href":"https:\/\/parapharmolivier.com\/index.php\/wp-json\/wp\/v2\/types\/product"}],"replies":[{"embeddable":true,"href":"https:\/\/parapharmolivier.com\/index.php\/wp-json\/wp\/v2\/comments?post=12575"}],"wp:featuredmedia":[{"embeddable":true,"href":"https:\/\/parapharmolivier.com\/index.php\/wp-json\/wp\/v2\/media\/12576"}],"wp:attachment":[{"href":"https:\/\/parapharmolivier.com\/index.php\/wp-json\/wp\/v2\/media?parent=12575"}],"wp:term":[{"taxonomy":"product_cat","embeddable":true,"href":"https:\/\/parapharmolivier.com\/index.php\/wp-json\/wp\/v2\/product_cat?post=12575"},{"taxonomy":"product_tag","embeddable":true,"href":"https:\/\/parapharmolivier.com\/index.php\/wp-json\/wp\/v2\/product_tag?post=12575"}],"curies":[{"name":"wp","href":"https:\/\/api.w.org\/{rel}","templated":true}]}}