{"id":7954,"date":"2024-03-25T21:29:04","date_gmt":"2024-03-25T20:29:04","guid":{"rendered":"https:\/\/parapharmolivier.com\/?post_type=product&#038;p=7954"},"modified":"2024-12-29T19:27:19","modified_gmt":"2024-12-29T18:27:19","slug":"filorga-ncef-reverse-mat","status":"publish","type":"product","link":"https:\/\/parapharmolivier.com\/index.php\/product\/filorga-ncef-reverse-mat\/","title":{"rendered":"FILORGA NCEF-REVERSE MAT"},"content":{"rendered":"<p>UN SOIN MULTI CORRECTEUR CONCENTR\u00c9 EN NCEF POUR UNE ACTION PRO JEUNESSE RENFORC\u00c9E ET UNE QUALIT\u00c9 DE PEAU RENOUVEL\u00c9E.<\/p>\n<p>R\u00e9novation intensive de la qualit\u00e9 de peau<br \/>\n[r\u00e9g\u00e9n\u00e9ration activ\u00e9e] &#8211; Une formule au NCEF, complexe polyrevitalisant unique mis au point par les Laboratoires FILORGA dont 50 ingr\u00e9dients sont int\u00e9gr\u00e9s pour la premi\u00e8re fois dans des concentrations<br \/>\ncomparables \u00e0 celles utilis\u00e9es en m\u00e9soinjection.<br \/>\nCorrection suractiv\u00e9e [rides &#8211; fermet\u00e9 &#8211; \u00e9clat] &#8211;<br \/>\nDes actifs r\u00e9put\u00e9s dans la lutte contre le<br \/>\nvieillissement [acide hyaluronique + collag\u00e8ne<br \/>\n+ vitamines A, H et E] associ\u00e9s \u00e0 des boosters<br \/>\nd\u2019efficacit\u00e9 agissent simultan\u00e9ment sur le<br \/>\nlissage des rides, le rel\u00e2chement cutan\u00e9 et l\u2019homog\u00e9n\u00e9it\u00e9 du teint.<br \/>\nR\u00e9sultat : une peau liss\u00e9e, raffermie, \u00e9clatante et repulp\u00e9e.<br \/>\nTexture l\u00e9g\u00e8re avec complexe perfecteur [matit\u00e9<br \/>\n+ pores] &#8211; Fini mat.<\/p>\n<p>UTILISATION : Appliquer en soin quotidien, matin et\/ou soir sur l\u2019ensemble du visage.<\/p>\n","protected":false},"excerpt":{"rendered":"<p>Fluide Multi-Correcteur Supr\u00eame<br \/>\nRides \u2013 Fermet\u00e9 \u2013 \u00c9clat<\/p>\n<p><strong>NCEF-REVERSE MAT, un fluide de jour visage anti-\u00e2ge multi-correcteur et matifiant concentr\u00e9 en NCEF pour une action pro-jeunesse renforc\u00e9e et une qualit\u00e9 de peau renouvel\u00e9e.<\/strong><\/p>\n","protected":false},"featured_media":7956,"comment_status":"open","ping_status":"closed","template":"","meta":[],"product_cat":[214,113,63],"product_tag":[],"yoast_head":"<!-- This site is optimized with the Yoast SEO plugin v22.4 - https:\/\/yoast.com\/wordpress\/plugins\/seo\/ -->\n<title>FILORGA NCEF-REVERSE MAT - parapharmolivier<\/title>\n<meta name=\"robots\" content=\"index, follow, max-snippet:-1, max-image-preview:large, max-video-preview:-1\" \/>\n<link rel=\"canonical\" href=\"https:\/\/parapharmolivier.com\/index.php\/product\/filorga-ncef-reverse-mat\/\" \/>\n<meta property=\"og:locale\" content=\"fr_FR\" \/>\n<meta property=\"og:type\" content=\"article\" \/>\n<meta property=\"og:title\" content=\"FILORGA NCEF-REVERSE MAT - parapharmolivier\" \/>\n<meta property=\"og:description\" content=\"Fluide Multi-Correcteur Supr\u00eame Rides \u2013 Fermet\u00e9 \u2013 \u00c9clat  NCEF-REVERSE MAT, un fluide de jour visage anti-\u00e2ge multi-correcteur et matifiant concentr\u00e9 en NCEF pour une action pro-jeunesse renforc\u00e9e et une qualit\u00e9 de peau renouvel\u00e9e.\" \/>\n<meta property=\"og:url\" content=\"https:\/\/parapharmolivier.com\/index.php\/product\/filorga-ncef-reverse-mat\/\" \/>\n<meta property=\"og:site_name\" content=\"parapharmolivier\" \/>\n<meta property=\"article:publisher\" content=\"https:\/\/www.facebook.com\/profile.php?id=100042409962367&amp;locale=fr_FR\" \/>\n<meta property=\"article:modified_time\" content=\"2024-12-29T18:27:19+00:00\" \/>\n<meta property=\"og:image\" content=\"https:\/\/parapharmolivier.com\/wp-content\/uploads\/2024\/03\/Filorga-NCEF-Reverse-Mat-Fluido-50-ml.jpeg\" \/>\n\t<meta property=\"og:image:width\" content=\"345\" \/>\n\t<meta property=\"og:image:height\" content=\"600\" \/>\n\t<meta property=\"og:image:type\" content=\"image\/jpeg\" \/>\n<meta name=\"twitter:card\" content=\"summary_large_image\" \/>\n<meta name=\"twitter:label1\" content=\"Dur\u00e9e de lecture estim\u00e9e\" \/>\n\t<meta name=\"twitter:data1\" content=\"1 minute\" \/>\n<script type=\"application\/ld+json\" class=\"yoast-schema-graph\">{\"@context\":\"https:\/\/schema.org\",\"@graph\":[{\"@type\":\"WebPage\",\"@id\":\"https:\/\/parapharmolivier.com\/index.php\/product\/filorga-ncef-reverse-mat\/\",\"url\":\"https:\/\/parapharmolivier.com\/index.php\/product\/filorga-ncef-reverse-mat\/\",\"name\":\"FILORGA NCEF-REVERSE MAT - parapharmolivier\",\"isPartOf\":{\"@id\":\"https:\/\/parapharmolivier.com\/#website\"},\"primaryImageOfPage\":{\"@id\":\"https:\/\/parapharmolivier.com\/index.php\/product\/filorga-ncef-reverse-mat\/#primaryimage\"},\"image\":{\"@id\":\"https:\/\/parapharmolivier.com\/index.php\/product\/filorga-ncef-reverse-mat\/#primaryimage\"},\"thumbnailUrl\":\"https:\/\/parapharmolivier.com\/wp-content\/uploads\/2024\/03\/Filorga-NCEF-Reverse-Mat-Fluido-50-ml.jpeg\",\"datePublished\":\"2024-03-25T20:29:04+00:00\",\"dateModified\":\"2024-12-29T18:27:19+00:00\",\"breadcrumb\":{\"@id\":\"https:\/\/parapharmolivier.com\/index.php\/product\/filorga-ncef-reverse-mat\/#breadcrumb\"},\"inLanguage\":\"fr-FR\",\"potentialAction\":[{\"@type\":\"ReadAction\",\"target\":[\"https:\/\/parapharmolivier.com\/index.php\/product\/filorga-ncef-reverse-mat\/\"]}]},{\"@type\":\"ImageObject\",\"inLanguage\":\"fr-FR\",\"@id\":\"https:\/\/parapharmolivier.com\/index.php\/product\/filorga-ncef-reverse-mat\/#primaryimage\",\"url\":\"https:\/\/parapharmolivier.com\/wp-content\/uploads\/2024\/03\/Filorga-NCEF-Reverse-Mat-Fluido-50-ml.jpeg\",\"contentUrl\":\"https:\/\/parapharmolivier.com\/wp-content\/uploads\/2024\/03\/Filorga-NCEF-Reverse-Mat-Fluido-50-ml.jpeg\",\"width\":345,\"height\":600},{\"@type\":\"BreadcrumbList\",\"@id\":\"https:\/\/parapharmolivier.com\/index.php\/product\/filorga-ncef-reverse-mat\/#breadcrumb\",\"itemListElement\":[{\"@type\":\"ListItem\",\"position\":1,\"name\":\"Accueil\",\"item\":\"https:\/\/parapharmolivier.com\/\"},{\"@type\":\"ListItem\",\"position\":2,\"name\":\"Shop\",\"item\":\"https:\/\/parapharmolivier.com\/index.php\/shop\/\"},{\"@type\":\"ListItem\",\"position\":3,\"name\":\"FILORGA NCEF-REVERSE MAT\"}]},{\"@type\":\"WebSite\",\"@id\":\"https:\/\/parapharmolivier.com\/#website\",\"url\":\"https:\/\/parapharmolivier.com\/\",\"name\":\"parapharmolivier.com\",\"description\":\"L&#039;olivier toujours dans votre service\",\"publisher\":{\"@id\":\"https:\/\/parapharmolivier.com\/#organization\"},\"alternateName\":\"Parapharmacie L''Olivier\",\"potentialAction\":[{\"@type\":\"SearchAction\",\"target\":{\"@type\":\"EntryPoint\",\"urlTemplate\":\"https:\/\/parapharmolivier.com\/?s={search_term_string}\"},\"query-input\":\"required name=search_term_string\"}],\"inLanguage\":\"fr-FR\"},{\"@type\":\"Organization\",\"@id\":\"https:\/\/parapharmolivier.com\/#organization\",\"name\":\"Parapharmacie l'Olivier\",\"url\":\"https:\/\/parapharmolivier.com\/\",\"logo\":{\"@type\":\"ImageObject\",\"inLanguage\":\"fr-FR\",\"@id\":\"https:\/\/parapharmolivier.com\/#\/schema\/logo\/image\/\",\"url\":\"https:\/\/parapharmolivier.com\/wp-content\/uploads\/2024\/03\/Pharmacie-l-Olivier-Logo.png\",\"contentUrl\":\"https:\/\/parapharmolivier.com\/wp-content\/uploads\/2024\/03\/Pharmacie-l-Olivier-Logo.png\",\"width\":6300,\"height\":2752,\"caption\":\"Parapharmacie l'Olivier\"},\"image\":{\"@id\":\"https:\/\/parapharmolivier.com\/#\/schema\/logo\/image\/\"},\"sameAs\":[\"https:\/\/www.facebook.com\/profile.php?id=100042409962367&locale=fr_FR\",\"https:\/\/www.instagram.com\/pharmacie_l.olivier_said_hamdi\/\"]}]}<\/script>\n<!-- \/ Yoast SEO plugin. -->","yoast_head_json":{"title":"FILORGA NCEF-REVERSE MAT - parapharmolivier","robots":{"index":"index","follow":"follow","max-snippet":"max-snippet:-1","max-image-preview":"max-image-preview:large","max-video-preview":"max-video-preview:-1"},"canonical":"https:\/\/parapharmolivier.com\/index.php\/product\/filorga-ncef-reverse-mat\/","og_locale":"fr_FR","og_type":"article","og_title":"FILORGA NCEF-REVERSE MAT - parapharmolivier","og_description":"Fluide Multi-Correcteur Supr\u00eame Rides \u2013 Fermet\u00e9 \u2013 \u00c9clat  NCEF-REVERSE MAT, un fluide de jour visage anti-\u00e2ge multi-correcteur et matifiant concentr\u00e9 en NCEF pour une action pro-jeunesse renforc\u00e9e et une qualit\u00e9 de peau renouvel\u00e9e.","og_url":"https:\/\/parapharmolivier.com\/index.php\/product\/filorga-ncef-reverse-mat\/","og_site_name":"parapharmolivier","article_publisher":"https:\/\/www.facebook.com\/profile.php?id=100042409962367&locale=fr_FR","article_modified_time":"2024-12-29T18:27:19+00:00","og_image":[{"width":345,"height":600,"url":"https:\/\/parapharmolivier.com\/wp-content\/uploads\/2024\/03\/Filorga-NCEF-Reverse-Mat-Fluido-50-ml.jpeg","type":"image\/jpeg"}],"twitter_card":"summary_large_image","twitter_misc":{"Dur\u00e9e de lecture estim\u00e9e":"1 minute"},"schema":{"@context":"https:\/\/schema.org","@graph":[{"@type":"WebPage","@id":"https:\/\/parapharmolivier.com\/index.php\/product\/filorga-ncef-reverse-mat\/","url":"https:\/\/parapharmolivier.com\/index.php\/product\/filorga-ncef-reverse-mat\/","name":"FILORGA NCEF-REVERSE MAT - parapharmolivier","isPartOf":{"@id":"https:\/\/parapharmolivier.com\/#website"},"primaryImageOfPage":{"@id":"https:\/\/parapharmolivier.com\/index.php\/product\/filorga-ncef-reverse-mat\/#primaryimage"},"image":{"@id":"https:\/\/parapharmolivier.com\/index.php\/product\/filorga-ncef-reverse-mat\/#primaryimage"},"thumbnailUrl":"https:\/\/parapharmolivier.com\/wp-content\/uploads\/2024\/03\/Filorga-NCEF-Reverse-Mat-Fluido-50-ml.jpeg","datePublished":"2024-03-25T20:29:04+00:00","dateModified":"2024-12-29T18:27:19+00:00","breadcrumb":{"@id":"https:\/\/parapharmolivier.com\/index.php\/product\/filorga-ncef-reverse-mat\/#breadcrumb"},"inLanguage":"fr-FR","potentialAction":[{"@type":"ReadAction","target":["https:\/\/parapharmolivier.com\/index.php\/product\/filorga-ncef-reverse-mat\/"]}]},{"@type":"ImageObject","inLanguage":"fr-FR","@id":"https:\/\/parapharmolivier.com\/index.php\/product\/filorga-ncef-reverse-mat\/#primaryimage","url":"https:\/\/parapharmolivier.com\/wp-content\/uploads\/2024\/03\/Filorga-NCEF-Reverse-Mat-Fluido-50-ml.jpeg","contentUrl":"https:\/\/parapharmolivier.com\/wp-content\/uploads\/2024\/03\/Filorga-NCEF-Reverse-Mat-Fluido-50-ml.jpeg","width":345,"height":600},{"@type":"BreadcrumbList","@id":"https:\/\/parapharmolivier.com\/index.php\/product\/filorga-ncef-reverse-mat\/#breadcrumb","itemListElement":[{"@type":"ListItem","position":1,"name":"Accueil","item":"https:\/\/parapharmolivier.com\/"},{"@type":"ListItem","position":2,"name":"Shop","item":"https:\/\/parapharmolivier.com\/index.php\/shop\/"},{"@type":"ListItem","position":3,"name":"FILORGA NCEF-REVERSE MAT"}]},{"@type":"WebSite","@id":"https:\/\/parapharmolivier.com\/#website","url":"https:\/\/parapharmolivier.com\/","name":"parapharmolivier.com","description":"L&#039;olivier toujours dans votre service","publisher":{"@id":"https:\/\/parapharmolivier.com\/#organization"},"alternateName":"Parapharmacie L''Olivier","potentialAction":[{"@type":"SearchAction","target":{"@type":"EntryPoint","urlTemplate":"https:\/\/parapharmolivier.com\/?s={search_term_string}"},"query-input":"required name=search_term_string"}],"inLanguage":"fr-FR"},{"@type":"Organization","@id":"https:\/\/parapharmolivier.com\/#organization","name":"Parapharmacie l'Olivier","url":"https:\/\/parapharmolivier.com\/","logo":{"@type":"ImageObject","inLanguage":"fr-FR","@id":"https:\/\/parapharmolivier.com\/#\/schema\/logo\/image\/","url":"https:\/\/parapharmolivier.com\/wp-content\/uploads\/2024\/03\/Pharmacie-l-Olivier-Logo.png","contentUrl":"https:\/\/parapharmolivier.com\/wp-content\/uploads\/2024\/03\/Pharmacie-l-Olivier-Logo.png","width":6300,"height":2752,"caption":"Parapharmacie l'Olivier"},"image":{"@id":"https:\/\/parapharmolivier.com\/#\/schema\/logo\/image\/"},"sameAs":["https:\/\/www.facebook.com\/profile.php?id=100042409962367&locale=fr_FR","https:\/\/www.instagram.com\/pharmacie_l.olivier_said_hamdi\/"]}]}},"jetpack_sharing_enabled":true,"_links":{"self":[{"href":"https:\/\/parapharmolivier.com\/index.php\/wp-json\/wp\/v2\/product\/7954"}],"collection":[{"href":"https:\/\/parapharmolivier.com\/index.php\/wp-json\/wp\/v2\/product"}],"about":[{"href":"https:\/\/parapharmolivier.com\/index.php\/wp-json\/wp\/v2\/types\/product"}],"replies":[{"embeddable":true,"href":"https:\/\/parapharmolivier.com\/index.php\/wp-json\/wp\/v2\/comments?post=7954"}],"wp:featuredmedia":[{"embeddable":true,"href":"https:\/\/parapharmolivier.com\/index.php\/wp-json\/wp\/v2\/media\/7956"}],"wp:attachment":[{"href":"https:\/\/parapharmolivier.com\/index.php\/wp-json\/wp\/v2\/media?parent=7954"}],"wp:term":[{"taxonomy":"product_cat","embeddable":true,"href":"https:\/\/parapharmolivier.com\/index.php\/wp-json\/wp\/v2\/product_cat?post=7954"},{"taxonomy":"product_tag","embeddable":true,"href":"https:\/\/parapharmolivier.com\/index.php\/wp-json\/wp\/v2\/product_tag?post=7954"}],"curies":[{"name":"wp","href":"https:\/\/api.w.org\/{rel}","templated":true}]}}