{"id":8258,"date":"2024-04-04T15:25:46","date_gmt":"2024-04-04T13:25:46","guid":{"rendered":"https:\/\/parapharmolivier.com\/?post_type=product&#038;p=8258"},"modified":"2024-04-04T16:24:17","modified_gmt":"2024-04-04T14:24:17","slug":"vip-serum-baby-skin","status":"publish","type":"product","link":"https:\/\/parapharmolivier.com\/index.php\/product\/vip-serum-baby-skin\/","title":{"rendered":"Leila elite VIP S\u00c9RUM BABY SKIN"},"content":{"rendered":"<p>Avec le s\u00e9rum\u00a0<b>VIP\u00a0<\/b>de Leila Elite, la peau fonctionne gr\u00e2ce \u00e0 la synergie d\u2019actifs\u00a0 naturels.<\/p>\n<p>C\u2019est le soin essentiel de toutes les routines anti-\u00e2ge, pour toutes les peaux.<\/p>\n<p>Au bout de quelques applications seulement, il rafra\u00eechira imm\u00e9diatement la peau ab\u00eem\u00e9e par le soleil, vieillie, s\u00e8che et \u00e0 l\u2019aspect fatigu\u00e9. Il stimule la production naturelle de collag\u00e8ne, en att\u00e9nuant les ridules, diminuant les rides, ravivant et hydratant profond\u00e9ment toute la zone du visage, du cou et du d\u00e9collet\u00e9.<\/p>\n","protected":false},"excerpt":{"rendered":"<p>Avec le s\u00e9rum\u00a0<b>VIP\u00a0<\/b>de Leila Elite, la peau fonctionne gr\u00e2ce \u00e0 la synergie d\u2019actifs\u00a0 naturels.<\/p>\n<p>C\u2019est le soin essentiel de toutes les routines anti-\u00e2ge, pour toutes les peaux.<\/p>\n<p>Au bout de quelques applications seulement, il rafra\u00eechira imm\u00e9diatement la peau ab\u00eem\u00e9e par le soleil, vieillie, s\u00e8che et \u00e0 l\u2019aspect fatigu\u00e9. Il stimule la production naturelle de collag\u00e8ne, en att\u00e9nuant les ridules, diminuant les rides, ravivant et hydratant profond\u00e9ment toute la zone du visage, du cou et du d\u00e9collet\u00e9.<\/p>\n","protected":false},"featured_media":8259,"comment_status":"open","ping_status":"closed","template":"","meta":[],"product_cat":[214,224,225,223,63],"product_tag":[],"yoast_head":"<!-- This site is optimized with the Yoast SEO plugin v22.4 - https:\/\/yoast.com\/wordpress\/plugins\/seo\/ -->\n<title>Leila elite VIP S\u00c9RUM BABY SKIN - parapharmolivier<\/title>\n<meta name=\"robots\" content=\"index, follow, max-snippet:-1, max-image-preview:large, max-video-preview:-1\" \/>\n<link rel=\"canonical\" href=\"https:\/\/parapharmolivier.com\/index.php\/product\/vip-serum-baby-skin\/\" \/>\n<meta property=\"og:locale\" content=\"fr_FR\" \/>\n<meta property=\"og:type\" content=\"article\" \/>\n<meta property=\"og:title\" content=\"Leila elite VIP S\u00c9RUM BABY SKIN - parapharmolivier\" \/>\n<meta property=\"og:description\" content=\"Avec le s\u00e9rum\u00a0VIP\u00a0de Leila Elite, la peau fonctionne gr\u00e2ce \u00e0 la synergie d\u2019actifs\u00a0 naturels.  C\u2019est le soin essentiel de toutes les routines anti-\u00e2ge, pour toutes les peaux.  Au bout de quelques applications seulement, il rafra\u00eechira imm\u00e9diatement la peau ab\u00eem\u00e9e par le soleil, vieillie, s\u00e8che et \u00e0 l\u2019aspect fatigu\u00e9. Il stimule la production naturelle de collag\u00e8ne, en att\u00e9nuant les ridules, diminuant les rides, ravivant et hydratant profond\u00e9ment toute la zone du visage, du cou et du d\u00e9collet\u00e9.\" \/>\n<meta property=\"og:url\" content=\"https:\/\/parapharmolivier.com\/index.php\/product\/vip-serum-baby-skin\/\" \/>\n<meta property=\"og:site_name\" content=\"parapharmolivier\" \/>\n<meta property=\"article:publisher\" content=\"https:\/\/www.facebook.com\/profile.php?id=100042409962367&amp;locale=fr_FR\" \/>\n<meta property=\"article:modified_time\" content=\"2024-04-04T14:24:17+00:00\" \/>\n<meta property=\"og:image\" content=\"https:\/\/parapharmolivier.com\/wp-content\/uploads\/2024\/04\/salicylique-1.ai_.png\" \/>\n\t<meta property=\"og:image:width\" content=\"900\" \/>\n\t<meta property=\"og:image:height\" content=\"900\" \/>\n\t<meta property=\"og:image:type\" content=\"image\/png\" \/>\n<meta name=\"twitter:card\" content=\"summary_large_image\" \/>\n<script type=\"application\/ld+json\" class=\"yoast-schema-graph\">{\"@context\":\"https:\/\/schema.org\",\"@graph\":[{\"@type\":\"WebPage\",\"@id\":\"https:\/\/parapharmolivier.com\/index.php\/product\/vip-serum-baby-skin\/\",\"url\":\"https:\/\/parapharmolivier.com\/index.php\/product\/vip-serum-baby-skin\/\",\"name\":\"Leila elite VIP S\u00c9RUM BABY SKIN - parapharmolivier\",\"isPartOf\":{\"@id\":\"https:\/\/parapharmolivier.com\/#website\"},\"primaryImageOfPage\":{\"@id\":\"https:\/\/parapharmolivier.com\/index.php\/product\/vip-serum-baby-skin\/#primaryimage\"},\"image\":{\"@id\":\"https:\/\/parapharmolivier.com\/index.php\/product\/vip-serum-baby-skin\/#primaryimage\"},\"thumbnailUrl\":\"https:\/\/parapharmolivier.com\/wp-content\/uploads\/2024\/04\/salicylique-1.ai_.png\",\"datePublished\":\"2024-04-04T13:25:46+00:00\",\"dateModified\":\"2024-04-04T14:24:17+00:00\",\"breadcrumb\":{\"@id\":\"https:\/\/parapharmolivier.com\/index.php\/product\/vip-serum-baby-skin\/#breadcrumb\"},\"inLanguage\":\"fr-FR\",\"potentialAction\":[{\"@type\":\"ReadAction\",\"target\":[\"https:\/\/parapharmolivier.com\/index.php\/product\/vip-serum-baby-skin\/\"]}]},{\"@type\":\"ImageObject\",\"inLanguage\":\"fr-FR\",\"@id\":\"https:\/\/parapharmolivier.com\/index.php\/product\/vip-serum-baby-skin\/#primaryimage\",\"url\":\"https:\/\/parapharmolivier.com\/wp-content\/uploads\/2024\/04\/salicylique-1.ai_.png\",\"contentUrl\":\"https:\/\/parapharmolivier.com\/wp-content\/uploads\/2024\/04\/salicylique-1.ai_.png\",\"width\":900,\"height\":900},{\"@type\":\"BreadcrumbList\",\"@id\":\"https:\/\/parapharmolivier.com\/index.php\/product\/vip-serum-baby-skin\/#breadcrumb\",\"itemListElement\":[{\"@type\":\"ListItem\",\"position\":1,\"name\":\"Accueil\",\"item\":\"https:\/\/parapharmolivier.com\/\"},{\"@type\":\"ListItem\",\"position\":2,\"name\":\"Shop\",\"item\":\"https:\/\/parapharmolivier.com\/index.php\/shop\/\"},{\"@type\":\"ListItem\",\"position\":3,\"name\":\"Leila elite VIP S\u00c9RUM BABY SKIN\"}]},{\"@type\":\"WebSite\",\"@id\":\"https:\/\/parapharmolivier.com\/#website\",\"url\":\"https:\/\/parapharmolivier.com\/\",\"name\":\"parapharmolivier.com\",\"description\":\"L&#039;olivier toujours dans votre service\",\"publisher\":{\"@id\":\"https:\/\/parapharmolivier.com\/#organization\"},\"alternateName\":\"Parapharmacie L''Olivier\",\"potentialAction\":[{\"@type\":\"SearchAction\",\"target\":{\"@type\":\"EntryPoint\",\"urlTemplate\":\"https:\/\/parapharmolivier.com\/?s={search_term_string}\"},\"query-input\":\"required name=search_term_string\"}],\"inLanguage\":\"fr-FR\"},{\"@type\":\"Organization\",\"@id\":\"https:\/\/parapharmolivier.com\/#organization\",\"name\":\"Parapharmacie l'Olivier\",\"url\":\"https:\/\/parapharmolivier.com\/\",\"logo\":{\"@type\":\"ImageObject\",\"inLanguage\":\"fr-FR\",\"@id\":\"https:\/\/parapharmolivier.com\/#\/schema\/logo\/image\/\",\"url\":\"https:\/\/parapharmolivier.com\/wp-content\/uploads\/2024\/03\/Pharmacie-l-Olivier-Logo.png\",\"contentUrl\":\"https:\/\/parapharmolivier.com\/wp-content\/uploads\/2024\/03\/Pharmacie-l-Olivier-Logo.png\",\"width\":6300,\"height\":2752,\"caption\":\"Parapharmacie l'Olivier\"},\"image\":{\"@id\":\"https:\/\/parapharmolivier.com\/#\/schema\/logo\/image\/\"},\"sameAs\":[\"https:\/\/www.facebook.com\/profile.php?id=100042409962367&locale=fr_FR\",\"https:\/\/www.instagram.com\/pharmacie_l.olivier_said_hamdi\/\"]}]}<\/script>\n<!-- \/ Yoast SEO plugin. -->","yoast_head_json":{"title":"Leila elite VIP S\u00c9RUM BABY SKIN - parapharmolivier","robots":{"index":"index","follow":"follow","max-snippet":"max-snippet:-1","max-image-preview":"max-image-preview:large","max-video-preview":"max-video-preview:-1"},"canonical":"https:\/\/parapharmolivier.com\/index.php\/product\/vip-serum-baby-skin\/","og_locale":"fr_FR","og_type":"article","og_title":"Leila elite VIP S\u00c9RUM BABY SKIN - parapharmolivier","og_description":"Avec le s\u00e9rum\u00a0VIP\u00a0de Leila Elite, la peau fonctionne gr\u00e2ce \u00e0 la synergie d\u2019actifs\u00a0 naturels.  C\u2019est le soin essentiel de toutes les routines anti-\u00e2ge, pour toutes les peaux.  Au bout de quelques applications seulement, il rafra\u00eechira imm\u00e9diatement la peau ab\u00eem\u00e9e par le soleil, vieillie, s\u00e8che et \u00e0 l\u2019aspect fatigu\u00e9. Il stimule la production naturelle de collag\u00e8ne, en att\u00e9nuant les ridules, diminuant les rides, ravivant et hydratant profond\u00e9ment toute la zone du visage, du cou et du d\u00e9collet\u00e9.","og_url":"https:\/\/parapharmolivier.com\/index.php\/product\/vip-serum-baby-skin\/","og_site_name":"parapharmolivier","article_publisher":"https:\/\/www.facebook.com\/profile.php?id=100042409962367&locale=fr_FR","article_modified_time":"2024-04-04T14:24:17+00:00","og_image":[{"width":900,"height":900,"url":"https:\/\/parapharmolivier.com\/wp-content\/uploads\/2024\/04\/salicylique-1.ai_.png","type":"image\/png"}],"twitter_card":"summary_large_image","schema":{"@context":"https:\/\/schema.org","@graph":[{"@type":"WebPage","@id":"https:\/\/parapharmolivier.com\/index.php\/product\/vip-serum-baby-skin\/","url":"https:\/\/parapharmolivier.com\/index.php\/product\/vip-serum-baby-skin\/","name":"Leila elite VIP S\u00c9RUM BABY SKIN - parapharmolivier","isPartOf":{"@id":"https:\/\/parapharmolivier.com\/#website"},"primaryImageOfPage":{"@id":"https:\/\/parapharmolivier.com\/index.php\/product\/vip-serum-baby-skin\/#primaryimage"},"image":{"@id":"https:\/\/parapharmolivier.com\/index.php\/product\/vip-serum-baby-skin\/#primaryimage"},"thumbnailUrl":"https:\/\/parapharmolivier.com\/wp-content\/uploads\/2024\/04\/salicylique-1.ai_.png","datePublished":"2024-04-04T13:25:46+00:00","dateModified":"2024-04-04T14:24:17+00:00","breadcrumb":{"@id":"https:\/\/parapharmolivier.com\/index.php\/product\/vip-serum-baby-skin\/#breadcrumb"},"inLanguage":"fr-FR","potentialAction":[{"@type":"ReadAction","target":["https:\/\/parapharmolivier.com\/index.php\/product\/vip-serum-baby-skin\/"]}]},{"@type":"ImageObject","inLanguage":"fr-FR","@id":"https:\/\/parapharmolivier.com\/index.php\/product\/vip-serum-baby-skin\/#primaryimage","url":"https:\/\/parapharmolivier.com\/wp-content\/uploads\/2024\/04\/salicylique-1.ai_.png","contentUrl":"https:\/\/parapharmolivier.com\/wp-content\/uploads\/2024\/04\/salicylique-1.ai_.png","width":900,"height":900},{"@type":"BreadcrumbList","@id":"https:\/\/parapharmolivier.com\/index.php\/product\/vip-serum-baby-skin\/#breadcrumb","itemListElement":[{"@type":"ListItem","position":1,"name":"Accueil","item":"https:\/\/parapharmolivier.com\/"},{"@type":"ListItem","position":2,"name":"Shop","item":"https:\/\/parapharmolivier.com\/index.php\/shop\/"},{"@type":"ListItem","position":3,"name":"Leila elite VIP S\u00c9RUM BABY SKIN"}]},{"@type":"WebSite","@id":"https:\/\/parapharmolivier.com\/#website","url":"https:\/\/parapharmolivier.com\/","name":"parapharmolivier.com","description":"L&#039;olivier toujours dans votre service","publisher":{"@id":"https:\/\/parapharmolivier.com\/#organization"},"alternateName":"Parapharmacie L''Olivier","potentialAction":[{"@type":"SearchAction","target":{"@type":"EntryPoint","urlTemplate":"https:\/\/parapharmolivier.com\/?s={search_term_string}"},"query-input":"required name=search_term_string"}],"inLanguage":"fr-FR"},{"@type":"Organization","@id":"https:\/\/parapharmolivier.com\/#organization","name":"Parapharmacie l'Olivier","url":"https:\/\/parapharmolivier.com\/","logo":{"@type":"ImageObject","inLanguage":"fr-FR","@id":"https:\/\/parapharmolivier.com\/#\/schema\/logo\/image\/","url":"https:\/\/parapharmolivier.com\/wp-content\/uploads\/2024\/03\/Pharmacie-l-Olivier-Logo.png","contentUrl":"https:\/\/parapharmolivier.com\/wp-content\/uploads\/2024\/03\/Pharmacie-l-Olivier-Logo.png","width":6300,"height":2752,"caption":"Parapharmacie l'Olivier"},"image":{"@id":"https:\/\/parapharmolivier.com\/#\/schema\/logo\/image\/"},"sameAs":["https:\/\/www.facebook.com\/profile.php?id=100042409962367&locale=fr_FR","https:\/\/www.instagram.com\/pharmacie_l.olivier_said_hamdi\/"]}]}},"jetpack_sharing_enabled":true,"_links":{"self":[{"href":"https:\/\/parapharmolivier.com\/index.php\/wp-json\/wp\/v2\/product\/8258"}],"collection":[{"href":"https:\/\/parapharmolivier.com\/index.php\/wp-json\/wp\/v2\/product"}],"about":[{"href":"https:\/\/parapharmolivier.com\/index.php\/wp-json\/wp\/v2\/types\/product"}],"replies":[{"embeddable":true,"href":"https:\/\/parapharmolivier.com\/index.php\/wp-json\/wp\/v2\/comments?post=8258"}],"wp:featuredmedia":[{"embeddable":true,"href":"https:\/\/parapharmolivier.com\/index.php\/wp-json\/wp\/v2\/media\/8259"}],"wp:attachment":[{"href":"https:\/\/parapharmolivier.com\/index.php\/wp-json\/wp\/v2\/media?parent=8258"}],"wp:term":[{"taxonomy":"product_cat","embeddable":true,"href":"https:\/\/parapharmolivier.com\/index.php\/wp-json\/wp\/v2\/product_cat?post=8258"},{"taxonomy":"product_tag","embeddable":true,"href":"https:\/\/parapharmolivier.com\/index.php\/wp-json\/wp\/v2\/product_tag?post=8258"}],"curies":[{"name":"wp","href":"https:\/\/api.w.org\/{rel}","templated":true}]}}