{"id":9274,"date":"2024-05-05T16:37:54","date_gmt":"2024-05-05T14:37:54","guid":{"rendered":"https:\/\/parapharmolivier.com\/?post_type=product&#038;p=9274"},"modified":"2024-05-05T16:37:54","modified_gmt":"2024-05-05T14:37:54","slug":"lierac-arkeskin-jour-creme-confort-reequilibrante","status":"publish","type":"product","link":"https:\/\/parapharmolivier.com\/index.php\/product\/lierac-arkeskin-jour-creme-confort-reequilibrante\/","title":{"rendered":"Lierac Arkeskin Jour Cr\u00e9me Confort R\u00e9\u00e9quilibrante\u00a0"},"content":{"rendered":"<p><strong>La cr\u00e8me confort r\u00e9\u00e9quilibrante Lierac Arkeskin Jour est un soin quotidien qui aide \u00e0 r\u00e9\u00e9quilibrer la peau et \u00e0 lui apporter un confort optimal. Sa formule sp\u00e9ciale hydrate en profondeur, nourrit la peau et la prot\u00e8ge des agressions ext\u00e9rieures.Cette cr\u00e8me contient des ingr\u00e9dients actifs tels que l&#8217;huile de p\u00e9pins de raisin et l&#8217;extrait de fleur de lotus, qui aident \u00e0 r\u00e9guler l&#8217;exc\u00e8s de s\u00e9bum et \u00e0 maintenir l&#8217;\u00e9quilibre naturel de la peau. Elle convient aux peaux normales \u00e0 mixtes et laisse la peau douce, souple et \u00e9clatante.<\/strong><\/p>\n<p><strong>Utilis\u00e9e quotidiennement, la cr\u00e8me confort r\u00e9\u00e9quilibrante Lierac Arkeskin Jour peut aider \u00e0 am\u00e9liorer la texture de la peau, \u00e0 r\u00e9duire les brillances et \u00e0 pr\u00e9venir l&#8217;apparition des imperfections.<\/strong><\/p>\n<p>&nbsp;<\/p>\n","protected":false},"excerpt":{"rendered":"<p>Lierac Arkeskin Jour Cr\u00e9me Confort R\u00e9\u00e9quilibrante<\/p>\n","protected":false},"featured_media":9275,"comment_status":"open","ping_status":"closed","template":"","meta":[],"product_cat":[214,224,299,300,242,254,63],"product_tag":[],"yoast_head":"<!-- This site is optimized with the Yoast SEO plugin v22.4 - https:\/\/yoast.com\/wordpress\/plugins\/seo\/ -->\n<title>Lierac Arkeskin Jour Cr\u00e9me Confort R\u00e9\u00e9quilibrante\u00a0 - parapharmolivier<\/title>\n<meta name=\"robots\" content=\"index, follow, max-snippet:-1, max-image-preview:large, max-video-preview:-1\" \/>\n<link rel=\"canonical\" href=\"https:\/\/parapharmolivier.com\/index.php\/product\/lierac-arkeskin-jour-creme-confort-reequilibrante\/\" \/>\n<meta property=\"og:locale\" content=\"fr_FR\" \/>\n<meta property=\"og:type\" content=\"article\" \/>\n<meta property=\"og:title\" content=\"Lierac Arkeskin Jour Cr\u00e9me Confort R\u00e9\u00e9quilibrante\u00a0 - parapharmolivier\" \/>\n<meta property=\"og:description\" content=\"Lierac Arkeskin Jour Cr\u00e9me Confort R\u00e9\u00e9quilibrante\" \/>\n<meta property=\"og:url\" content=\"https:\/\/parapharmolivier.com\/index.php\/product\/lierac-arkeskin-jour-creme-confort-reequilibrante\/\" \/>\n<meta property=\"og:site_name\" content=\"parapharmolivier\" \/>\n<meta property=\"article:publisher\" content=\"https:\/\/www.facebook.com\/profile.php?id=100042409962367&amp;locale=fr_FR\" \/>\n<meta property=\"og:image\" content=\"https:\/\/parapharmolivier.com\/wp-content\/uploads\/2024\/05\/Lierac-3.jpg\" \/>\n\t<meta property=\"og:image:width\" content=\"640\" \/>\n\t<meta property=\"og:image:height\" content=\"640\" \/>\n\t<meta property=\"og:image:type\" content=\"image\/jpeg\" \/>\n<meta name=\"twitter:card\" content=\"summary_large_image\" \/>\n<meta name=\"twitter:label1\" content=\"Dur\u00e9e de lecture estim\u00e9e\" \/>\n\t<meta name=\"twitter:data1\" content=\"1 minute\" \/>\n<script type=\"application\/ld+json\" class=\"yoast-schema-graph\">{\"@context\":\"https:\/\/schema.org\",\"@graph\":[{\"@type\":\"WebPage\",\"@id\":\"https:\/\/parapharmolivier.com\/index.php\/product\/lierac-arkeskin-jour-creme-confort-reequilibrante\/\",\"url\":\"https:\/\/parapharmolivier.com\/index.php\/product\/lierac-arkeskin-jour-creme-confort-reequilibrante\/\",\"name\":\"Lierac Arkeskin Jour Cr\u00e9me Confort R\u00e9\u00e9quilibrante\u00a0 - parapharmolivier\",\"isPartOf\":{\"@id\":\"https:\/\/parapharmolivier.com\/#website\"},\"primaryImageOfPage\":{\"@id\":\"https:\/\/parapharmolivier.com\/index.php\/product\/lierac-arkeskin-jour-creme-confort-reequilibrante\/#primaryimage\"},\"image\":{\"@id\":\"https:\/\/parapharmolivier.com\/index.php\/product\/lierac-arkeskin-jour-creme-confort-reequilibrante\/#primaryimage\"},\"thumbnailUrl\":\"https:\/\/parapharmolivier.com\/wp-content\/uploads\/2024\/05\/Lierac-3.jpg\",\"datePublished\":\"2024-05-05T14:37:54+00:00\",\"dateModified\":\"2024-05-05T14:37:54+00:00\",\"breadcrumb\":{\"@id\":\"https:\/\/parapharmolivier.com\/index.php\/product\/lierac-arkeskin-jour-creme-confort-reequilibrante\/#breadcrumb\"},\"inLanguage\":\"fr-FR\",\"potentialAction\":[{\"@type\":\"ReadAction\",\"target\":[\"https:\/\/parapharmolivier.com\/index.php\/product\/lierac-arkeskin-jour-creme-confort-reequilibrante\/\"]}]},{\"@type\":\"ImageObject\",\"inLanguage\":\"fr-FR\",\"@id\":\"https:\/\/parapharmolivier.com\/index.php\/product\/lierac-arkeskin-jour-creme-confort-reequilibrante\/#primaryimage\",\"url\":\"https:\/\/parapharmolivier.com\/wp-content\/uploads\/2024\/05\/Lierac-3.jpg\",\"contentUrl\":\"https:\/\/parapharmolivier.com\/wp-content\/uploads\/2024\/05\/Lierac-3.jpg\",\"width\":640,\"height\":640},{\"@type\":\"BreadcrumbList\",\"@id\":\"https:\/\/parapharmolivier.com\/index.php\/product\/lierac-arkeskin-jour-creme-confort-reequilibrante\/#breadcrumb\",\"itemListElement\":[{\"@type\":\"ListItem\",\"position\":1,\"name\":\"Accueil\",\"item\":\"https:\/\/parapharmolivier.com\/\"},{\"@type\":\"ListItem\",\"position\":2,\"name\":\"Shop\",\"item\":\"https:\/\/parapharmolivier.com\/index.php\/shop\/\"},{\"@type\":\"ListItem\",\"position\":3,\"name\":\"Lierac Arkeskin Jour Cr\u00e9me Confort R\u00e9\u00e9quilibrante\u00a0\"}]},{\"@type\":\"WebSite\",\"@id\":\"https:\/\/parapharmolivier.com\/#website\",\"url\":\"https:\/\/parapharmolivier.com\/\",\"name\":\"parapharmolivier.com\",\"description\":\"L&#039;olivier toujours dans votre service\",\"publisher\":{\"@id\":\"https:\/\/parapharmolivier.com\/#organization\"},\"alternateName\":\"Parapharmacie L''Olivier\",\"potentialAction\":[{\"@type\":\"SearchAction\",\"target\":{\"@type\":\"EntryPoint\",\"urlTemplate\":\"https:\/\/parapharmolivier.com\/?s={search_term_string}\"},\"query-input\":\"required name=search_term_string\"}],\"inLanguage\":\"fr-FR\"},{\"@type\":\"Organization\",\"@id\":\"https:\/\/parapharmolivier.com\/#organization\",\"name\":\"Parapharmacie l'Olivier\",\"url\":\"https:\/\/parapharmolivier.com\/\",\"logo\":{\"@type\":\"ImageObject\",\"inLanguage\":\"fr-FR\",\"@id\":\"https:\/\/parapharmolivier.com\/#\/schema\/logo\/image\/\",\"url\":\"https:\/\/parapharmolivier.com\/wp-content\/uploads\/2024\/03\/Pharmacie-l-Olivier-Logo.png\",\"contentUrl\":\"https:\/\/parapharmolivier.com\/wp-content\/uploads\/2024\/03\/Pharmacie-l-Olivier-Logo.png\",\"width\":6300,\"height\":2752,\"caption\":\"Parapharmacie l'Olivier\"},\"image\":{\"@id\":\"https:\/\/parapharmolivier.com\/#\/schema\/logo\/image\/\"},\"sameAs\":[\"https:\/\/www.facebook.com\/profile.php?id=100042409962367&locale=fr_FR\",\"https:\/\/www.instagram.com\/pharmacie_l.olivier_said_hamdi\/\"]}]}<\/script>\n<!-- \/ Yoast SEO plugin. -->","yoast_head_json":{"title":"Lierac Arkeskin Jour Cr\u00e9me Confort R\u00e9\u00e9quilibrante\u00a0 - parapharmolivier","robots":{"index":"index","follow":"follow","max-snippet":"max-snippet:-1","max-image-preview":"max-image-preview:large","max-video-preview":"max-video-preview:-1"},"canonical":"https:\/\/parapharmolivier.com\/index.php\/product\/lierac-arkeskin-jour-creme-confort-reequilibrante\/","og_locale":"fr_FR","og_type":"article","og_title":"Lierac Arkeskin Jour Cr\u00e9me Confort R\u00e9\u00e9quilibrante\u00a0 - parapharmolivier","og_description":"Lierac Arkeskin Jour Cr\u00e9me Confort R\u00e9\u00e9quilibrante","og_url":"https:\/\/parapharmolivier.com\/index.php\/product\/lierac-arkeskin-jour-creme-confort-reequilibrante\/","og_site_name":"parapharmolivier","article_publisher":"https:\/\/www.facebook.com\/profile.php?id=100042409962367&locale=fr_FR","og_image":[{"width":640,"height":640,"url":"https:\/\/parapharmolivier.com\/wp-content\/uploads\/2024\/05\/Lierac-3.jpg","type":"image\/jpeg"}],"twitter_card":"summary_large_image","twitter_misc":{"Dur\u00e9e de lecture estim\u00e9e":"1 minute"},"schema":{"@context":"https:\/\/schema.org","@graph":[{"@type":"WebPage","@id":"https:\/\/parapharmolivier.com\/index.php\/product\/lierac-arkeskin-jour-creme-confort-reequilibrante\/","url":"https:\/\/parapharmolivier.com\/index.php\/product\/lierac-arkeskin-jour-creme-confort-reequilibrante\/","name":"Lierac Arkeskin Jour Cr\u00e9me Confort R\u00e9\u00e9quilibrante\u00a0 - parapharmolivier","isPartOf":{"@id":"https:\/\/parapharmolivier.com\/#website"},"primaryImageOfPage":{"@id":"https:\/\/parapharmolivier.com\/index.php\/product\/lierac-arkeskin-jour-creme-confort-reequilibrante\/#primaryimage"},"image":{"@id":"https:\/\/parapharmolivier.com\/index.php\/product\/lierac-arkeskin-jour-creme-confort-reequilibrante\/#primaryimage"},"thumbnailUrl":"https:\/\/parapharmolivier.com\/wp-content\/uploads\/2024\/05\/Lierac-3.jpg","datePublished":"2024-05-05T14:37:54+00:00","dateModified":"2024-05-05T14:37:54+00:00","breadcrumb":{"@id":"https:\/\/parapharmolivier.com\/index.php\/product\/lierac-arkeskin-jour-creme-confort-reequilibrante\/#breadcrumb"},"inLanguage":"fr-FR","potentialAction":[{"@type":"ReadAction","target":["https:\/\/parapharmolivier.com\/index.php\/product\/lierac-arkeskin-jour-creme-confort-reequilibrante\/"]}]},{"@type":"ImageObject","inLanguage":"fr-FR","@id":"https:\/\/parapharmolivier.com\/index.php\/product\/lierac-arkeskin-jour-creme-confort-reequilibrante\/#primaryimage","url":"https:\/\/parapharmolivier.com\/wp-content\/uploads\/2024\/05\/Lierac-3.jpg","contentUrl":"https:\/\/parapharmolivier.com\/wp-content\/uploads\/2024\/05\/Lierac-3.jpg","width":640,"height":640},{"@type":"BreadcrumbList","@id":"https:\/\/parapharmolivier.com\/index.php\/product\/lierac-arkeskin-jour-creme-confort-reequilibrante\/#breadcrumb","itemListElement":[{"@type":"ListItem","position":1,"name":"Accueil","item":"https:\/\/parapharmolivier.com\/"},{"@type":"ListItem","position":2,"name":"Shop","item":"https:\/\/parapharmolivier.com\/index.php\/shop\/"},{"@type":"ListItem","position":3,"name":"Lierac Arkeskin Jour Cr\u00e9me Confort R\u00e9\u00e9quilibrante\u00a0"}]},{"@type":"WebSite","@id":"https:\/\/parapharmolivier.com\/#website","url":"https:\/\/parapharmolivier.com\/","name":"parapharmolivier.com","description":"L&#039;olivier toujours dans votre service","publisher":{"@id":"https:\/\/parapharmolivier.com\/#organization"},"alternateName":"Parapharmacie L''Olivier","potentialAction":[{"@type":"SearchAction","target":{"@type":"EntryPoint","urlTemplate":"https:\/\/parapharmolivier.com\/?s={search_term_string}"},"query-input":"required name=search_term_string"}],"inLanguage":"fr-FR"},{"@type":"Organization","@id":"https:\/\/parapharmolivier.com\/#organization","name":"Parapharmacie l'Olivier","url":"https:\/\/parapharmolivier.com\/","logo":{"@type":"ImageObject","inLanguage":"fr-FR","@id":"https:\/\/parapharmolivier.com\/#\/schema\/logo\/image\/","url":"https:\/\/parapharmolivier.com\/wp-content\/uploads\/2024\/03\/Pharmacie-l-Olivier-Logo.png","contentUrl":"https:\/\/parapharmolivier.com\/wp-content\/uploads\/2024\/03\/Pharmacie-l-Olivier-Logo.png","width":6300,"height":2752,"caption":"Parapharmacie l'Olivier"},"image":{"@id":"https:\/\/parapharmolivier.com\/#\/schema\/logo\/image\/"},"sameAs":["https:\/\/www.facebook.com\/profile.php?id=100042409962367&locale=fr_FR","https:\/\/www.instagram.com\/pharmacie_l.olivier_said_hamdi\/"]}]}},"jetpack_sharing_enabled":true,"_links":{"self":[{"href":"https:\/\/parapharmolivier.com\/index.php\/wp-json\/wp\/v2\/product\/9274"}],"collection":[{"href":"https:\/\/parapharmolivier.com\/index.php\/wp-json\/wp\/v2\/product"}],"about":[{"href":"https:\/\/parapharmolivier.com\/index.php\/wp-json\/wp\/v2\/types\/product"}],"replies":[{"embeddable":true,"href":"https:\/\/parapharmolivier.com\/index.php\/wp-json\/wp\/v2\/comments?post=9274"}],"wp:featuredmedia":[{"embeddable":true,"href":"https:\/\/parapharmolivier.com\/index.php\/wp-json\/wp\/v2\/media\/9275"}],"wp:attachment":[{"href":"https:\/\/parapharmolivier.com\/index.php\/wp-json\/wp\/v2\/media?parent=9274"}],"wp:term":[{"taxonomy":"product_cat","embeddable":true,"href":"https:\/\/parapharmolivier.com\/index.php\/wp-json\/wp\/v2\/product_cat?post=9274"},{"taxonomy":"product_tag","embeddable":true,"href":"https:\/\/parapharmolivier.com\/index.php\/wp-json\/wp\/v2\/product_tag?post=9274"}],"curies":[{"name":"wp","href":"https:\/\/api.w.org\/{rel}","templated":true}]}}