{"id":9966,"date":"2024-05-23T12:23:44","date_gmt":"2024-05-23T10:23:44","guid":{"rendered":"https:\/\/parapharmolivier.com\/?post_type=product&#038;p=9966"},"modified":"2026-01-22T23:58:58","modified_gmt":"2026-01-22T22:58:58","slug":"nutraxin-vitals-coplexe-multi-vitamines-pour-hommes","status":"publish","type":"product","link":"https:\/\/parapharmolivier.com\/index.php\/product\/nutraxin-vitals-coplexe-multi-vitamines-pour-hommes\/","title":{"rendered":"Nutraxin Vitals: complexe multi vitamines pour Hommes"},"content":{"rendered":"<p>Nutraxin Vitals offre une lib\u00e9ration prolong\u00e9e de vitamines et min\u00e9raux essentiels, sp\u00e9cialement con\u00e7ue pour les hommes. Ce complexe multi-vitamin\u00e9 contient 14 vitamines et 7 min\u00e9raux, offrant un soutien optimal pour une sant\u00e9 globale. Formul\u00e9 pour r\u00e9pondre aux besoins nutritionnels sp\u00e9cifiques des hommes, Nutraxin Vitals est un choix id\u00e9al pour une vitalit\u00e9 quotidienne.<\/p>\n<p>Conseil d\u2019utilisation:<\/p>\n<p>Il est recommand\u00e9 de prendre 2 comprim\u00e9s par jour avec beaucoup d&#8217;eau au moment des repas .<\/p>\n","protected":false},"excerpt":{"rendered":"<p>Complexe multivitamin\u00e9 et min\u00e9ral Nutraxin\u00a0; C&#8217;est une forme sp\u00e9ciale contenant des vitamines, des min\u00e9raux et des plantes dont les hommes ont besoin. Convient pour un usage quotidien. Le complexe multivitamin\u00e9 et min\u00e9ral contient 23 ingr\u00e9dients diff\u00e9rents.<\/p>\n<p>&#8220;Zinc contributes to the preservation of the normal testosterone level in the blood.&#8221;<br \/>\n&#8220;Biotin contributes to the protection of normal hair.&#8221;&#8221;&#8221;<\/p>\n","protected":false},"featured_media":9967,"comment_status":"open","ping_status":"closed","template":"","meta":[],"product_cat":[15,319,377,376],"product_tag":[],"yoast_head":"<!-- This site is optimized with the Yoast SEO plugin v22.4 - https:\/\/yoast.com\/wordpress\/plugins\/seo\/ -->\n<title>Nutraxin Vitals: complexe multi vitamines pour Hommes - parapharmolivier<\/title>\n<meta name=\"description\" content=\"Nutraxin Vitals offre une lib\u00e9ration prolong\u00e9e de vitamines et min\u00e9raux essentiels, sp\u00e9cialement con\u00e7ue pour les hommes. Ce complexe multi-vitamin\u00e9 contient 14 vitamines et 7 min\u00e9raux, offrant un soutien optimal pour une sant\u00e9 globale. Formul\u00e9 pour r\u00e9pondre aux besoins nutritionnels sp\u00e9cifiques des hommes, Nutraxin Vitals est un choix id\u00e9al pour une vitalit\u00e9 quotidienne.\" \/>\n<meta name=\"robots\" content=\"index, follow, max-snippet:-1, max-image-preview:large, max-video-preview:-1\" \/>\n<link rel=\"canonical\" href=\"https:\/\/parapharmolivier.com\/index.php\/product\/nutraxin-vitals-coplexe-multi-vitamines-pour-hommes\/\" \/>\n<meta property=\"og:locale\" content=\"fr_FR\" \/>\n<meta property=\"og:type\" content=\"article\" \/>\n<meta property=\"og:title\" content=\"Nutraxin Vitals: complexe multi vitamines pour Hommes - parapharmolivier\" \/>\n<meta property=\"og:description\" content=\"Nutraxin Vitals offre une lib\u00e9ration prolong\u00e9e de vitamines et min\u00e9raux essentiels, sp\u00e9cialement con\u00e7ue pour les hommes. Ce complexe multi-vitamin\u00e9 contient 14 vitamines et 7 min\u00e9raux, offrant un soutien optimal pour une sant\u00e9 globale. Formul\u00e9 pour r\u00e9pondre aux besoins nutritionnels sp\u00e9cifiques des hommes, Nutraxin Vitals est un choix id\u00e9al pour une vitalit\u00e9 quotidienne.\" \/>\n<meta property=\"og:url\" content=\"https:\/\/parapharmolivier.com\/index.php\/product\/nutraxin-vitals-coplexe-multi-vitamines-pour-hommes\/\" \/>\n<meta property=\"og:site_name\" content=\"parapharmolivier\" \/>\n<meta property=\"article:publisher\" content=\"https:\/\/www.facebook.com\/profile.php?id=100042409962367&amp;locale=fr_FR\" \/>\n<meta property=\"article:modified_time\" content=\"2026-01-22T22:58:58+00:00\" \/>\n<meta property=\"og:image\" content=\"https:\/\/parapharmolivier.com\/wp-content\/uploads\/2024\/05\/37e28e9555694798ad9908e5b0cd7909.webp\" \/>\n\t<meta property=\"og:image:width\" content=\"367\" \/>\n\t<meta property=\"og:image:height\" content=\"341\" \/>\n\t<meta property=\"og:image:type\" content=\"image\/webp\" \/>\n<meta name=\"twitter:card\" content=\"summary_large_image\" \/>\n<meta name=\"twitter:label1\" content=\"Dur\u00e9e de lecture estim\u00e9e\" \/>\n\t<meta name=\"twitter:data1\" content=\"1 minute\" \/>\n<script type=\"application\/ld+json\" class=\"yoast-schema-graph\">{\"@context\":\"https:\/\/schema.org\",\"@graph\":[{\"@type\":\"WebPage\",\"@id\":\"https:\/\/parapharmolivier.com\/index.php\/product\/nutraxin-vitals-coplexe-multi-vitamines-pour-hommes\/\",\"url\":\"https:\/\/parapharmolivier.com\/index.php\/product\/nutraxin-vitals-coplexe-multi-vitamines-pour-hommes\/\",\"name\":\"Nutraxin Vitals: complexe multi vitamines pour Hommes - parapharmolivier\",\"isPartOf\":{\"@id\":\"https:\/\/parapharmolivier.com\/#website\"},\"primaryImageOfPage\":{\"@id\":\"https:\/\/parapharmolivier.com\/index.php\/product\/nutraxin-vitals-coplexe-multi-vitamines-pour-hommes\/#primaryimage\"},\"image\":{\"@id\":\"https:\/\/parapharmolivier.com\/index.php\/product\/nutraxin-vitals-coplexe-multi-vitamines-pour-hommes\/#primaryimage\"},\"thumbnailUrl\":\"https:\/\/parapharmolivier.com\/wp-content\/uploads\/2024\/05\/37e28e9555694798ad9908e5b0cd7909.webp\",\"datePublished\":\"2024-05-23T10:23:44+00:00\",\"dateModified\":\"2026-01-22T22:58:58+00:00\",\"description\":\"Nutraxin Vitals offre une lib\u00e9ration prolong\u00e9e de vitamines et min\u00e9raux essentiels, sp\u00e9cialement con\u00e7ue pour les hommes. Ce complexe multi-vitamin\u00e9 contient 14 vitamines et 7 min\u00e9raux, offrant un soutien optimal pour une sant\u00e9 globale. Formul\u00e9 pour r\u00e9pondre aux besoins nutritionnels sp\u00e9cifiques des hommes, Nutraxin Vitals est un choix id\u00e9al pour une vitalit\u00e9 quotidienne.\",\"breadcrumb\":{\"@id\":\"https:\/\/parapharmolivier.com\/index.php\/product\/nutraxin-vitals-coplexe-multi-vitamines-pour-hommes\/#breadcrumb\"},\"inLanguage\":\"fr-FR\",\"potentialAction\":[{\"@type\":\"ReadAction\",\"target\":[\"https:\/\/parapharmolivier.com\/index.php\/product\/nutraxin-vitals-coplexe-multi-vitamines-pour-hommes\/\"]}]},{\"@type\":\"ImageObject\",\"inLanguage\":\"fr-FR\",\"@id\":\"https:\/\/parapharmolivier.com\/index.php\/product\/nutraxin-vitals-coplexe-multi-vitamines-pour-hommes\/#primaryimage\",\"url\":\"https:\/\/parapharmolivier.com\/wp-content\/uploads\/2024\/05\/37e28e9555694798ad9908e5b0cd7909.webp\",\"contentUrl\":\"https:\/\/parapharmolivier.com\/wp-content\/uploads\/2024\/05\/37e28e9555694798ad9908e5b0cd7909.webp\",\"width\":367,\"height\":341},{\"@type\":\"BreadcrumbList\",\"@id\":\"https:\/\/parapharmolivier.com\/index.php\/product\/nutraxin-vitals-coplexe-multi-vitamines-pour-hommes\/#breadcrumb\",\"itemListElement\":[{\"@type\":\"ListItem\",\"position\":1,\"name\":\"Accueil\",\"item\":\"https:\/\/parapharmolivier.com\/\"},{\"@type\":\"ListItem\",\"position\":2,\"name\":\"Shop\",\"item\":\"https:\/\/parapharmolivier.com\/index.php\/shop\/\"},{\"@type\":\"ListItem\",\"position\":3,\"name\":\"Nutraxin Vitals: complexe multi vitamines pour Hommes\"}]},{\"@type\":\"WebSite\",\"@id\":\"https:\/\/parapharmolivier.com\/#website\",\"url\":\"https:\/\/parapharmolivier.com\/\",\"name\":\"parapharmolivier.com\",\"description\":\"L&#039;olivier toujours dans votre service\",\"publisher\":{\"@id\":\"https:\/\/parapharmolivier.com\/#organization\"},\"alternateName\":\"Parapharmacie L''Olivier\",\"potentialAction\":[{\"@type\":\"SearchAction\",\"target\":{\"@type\":\"EntryPoint\",\"urlTemplate\":\"https:\/\/parapharmolivier.com\/?s={search_term_string}\"},\"query-input\":\"required name=search_term_string\"}],\"inLanguage\":\"fr-FR\"},{\"@type\":\"Organization\",\"@id\":\"https:\/\/parapharmolivier.com\/#organization\",\"name\":\"Parapharmacie l'Olivier\",\"url\":\"https:\/\/parapharmolivier.com\/\",\"logo\":{\"@type\":\"ImageObject\",\"inLanguage\":\"fr-FR\",\"@id\":\"https:\/\/parapharmolivier.com\/#\/schema\/logo\/image\/\",\"url\":\"https:\/\/parapharmolivier.com\/wp-content\/uploads\/2024\/03\/Pharmacie-l-Olivier-Logo.png\",\"contentUrl\":\"https:\/\/parapharmolivier.com\/wp-content\/uploads\/2024\/03\/Pharmacie-l-Olivier-Logo.png\",\"width\":6300,\"height\":2752,\"caption\":\"Parapharmacie l'Olivier\"},\"image\":{\"@id\":\"https:\/\/parapharmolivier.com\/#\/schema\/logo\/image\/\"},\"sameAs\":[\"https:\/\/www.facebook.com\/profile.php?id=100042409962367&locale=fr_FR\",\"https:\/\/www.instagram.com\/pharmacie_l.olivier_said_hamdi\/\"]}]}<\/script>\n<!-- \/ Yoast SEO plugin. -->","yoast_head_json":{"title":"Nutraxin Vitals: complexe multi vitamines pour Hommes - parapharmolivier","description":"Nutraxin Vitals offre une lib\u00e9ration prolong\u00e9e de vitamines et min\u00e9raux essentiels, sp\u00e9cialement con\u00e7ue pour les hommes. Ce complexe multi-vitamin\u00e9 contient 14 vitamines et 7 min\u00e9raux, offrant un soutien optimal pour une sant\u00e9 globale. Formul\u00e9 pour r\u00e9pondre aux besoins nutritionnels sp\u00e9cifiques des hommes, Nutraxin Vitals est un choix id\u00e9al pour une vitalit\u00e9 quotidienne.","robots":{"index":"index","follow":"follow","max-snippet":"max-snippet:-1","max-image-preview":"max-image-preview:large","max-video-preview":"max-video-preview:-1"},"canonical":"https:\/\/parapharmolivier.com\/index.php\/product\/nutraxin-vitals-coplexe-multi-vitamines-pour-hommes\/","og_locale":"fr_FR","og_type":"article","og_title":"Nutraxin Vitals: complexe multi vitamines pour Hommes - parapharmolivier","og_description":"Nutraxin Vitals offre une lib\u00e9ration prolong\u00e9e de vitamines et min\u00e9raux essentiels, sp\u00e9cialement con\u00e7ue pour les hommes. Ce complexe multi-vitamin\u00e9 contient 14 vitamines et 7 min\u00e9raux, offrant un soutien optimal pour une sant\u00e9 globale. Formul\u00e9 pour r\u00e9pondre aux besoins nutritionnels sp\u00e9cifiques des hommes, Nutraxin Vitals est un choix id\u00e9al pour une vitalit\u00e9 quotidienne.","og_url":"https:\/\/parapharmolivier.com\/index.php\/product\/nutraxin-vitals-coplexe-multi-vitamines-pour-hommes\/","og_site_name":"parapharmolivier","article_publisher":"https:\/\/www.facebook.com\/profile.php?id=100042409962367&locale=fr_FR","article_modified_time":"2026-01-22T22:58:58+00:00","og_image":[{"width":367,"height":341,"url":"https:\/\/parapharmolivier.com\/wp-content\/uploads\/2024\/05\/37e28e9555694798ad9908e5b0cd7909.webp","type":"image\/webp"}],"twitter_card":"summary_large_image","twitter_misc":{"Dur\u00e9e de lecture estim\u00e9e":"1 minute"},"schema":{"@context":"https:\/\/schema.org","@graph":[{"@type":"WebPage","@id":"https:\/\/parapharmolivier.com\/index.php\/product\/nutraxin-vitals-coplexe-multi-vitamines-pour-hommes\/","url":"https:\/\/parapharmolivier.com\/index.php\/product\/nutraxin-vitals-coplexe-multi-vitamines-pour-hommes\/","name":"Nutraxin Vitals: complexe multi vitamines pour Hommes - parapharmolivier","isPartOf":{"@id":"https:\/\/parapharmolivier.com\/#website"},"primaryImageOfPage":{"@id":"https:\/\/parapharmolivier.com\/index.php\/product\/nutraxin-vitals-coplexe-multi-vitamines-pour-hommes\/#primaryimage"},"image":{"@id":"https:\/\/parapharmolivier.com\/index.php\/product\/nutraxin-vitals-coplexe-multi-vitamines-pour-hommes\/#primaryimage"},"thumbnailUrl":"https:\/\/parapharmolivier.com\/wp-content\/uploads\/2024\/05\/37e28e9555694798ad9908e5b0cd7909.webp","datePublished":"2024-05-23T10:23:44+00:00","dateModified":"2026-01-22T22:58:58+00:00","description":"Nutraxin Vitals offre une lib\u00e9ration prolong\u00e9e de vitamines et min\u00e9raux essentiels, sp\u00e9cialement con\u00e7ue pour les hommes. Ce complexe multi-vitamin\u00e9 contient 14 vitamines et 7 min\u00e9raux, offrant un soutien optimal pour une sant\u00e9 globale. Formul\u00e9 pour r\u00e9pondre aux besoins nutritionnels sp\u00e9cifiques des hommes, Nutraxin Vitals est un choix id\u00e9al pour une vitalit\u00e9 quotidienne.","breadcrumb":{"@id":"https:\/\/parapharmolivier.com\/index.php\/product\/nutraxin-vitals-coplexe-multi-vitamines-pour-hommes\/#breadcrumb"},"inLanguage":"fr-FR","potentialAction":[{"@type":"ReadAction","target":["https:\/\/parapharmolivier.com\/index.php\/product\/nutraxin-vitals-coplexe-multi-vitamines-pour-hommes\/"]}]},{"@type":"ImageObject","inLanguage":"fr-FR","@id":"https:\/\/parapharmolivier.com\/index.php\/product\/nutraxin-vitals-coplexe-multi-vitamines-pour-hommes\/#primaryimage","url":"https:\/\/parapharmolivier.com\/wp-content\/uploads\/2024\/05\/37e28e9555694798ad9908e5b0cd7909.webp","contentUrl":"https:\/\/parapharmolivier.com\/wp-content\/uploads\/2024\/05\/37e28e9555694798ad9908e5b0cd7909.webp","width":367,"height":341},{"@type":"BreadcrumbList","@id":"https:\/\/parapharmolivier.com\/index.php\/product\/nutraxin-vitals-coplexe-multi-vitamines-pour-hommes\/#breadcrumb","itemListElement":[{"@type":"ListItem","position":1,"name":"Accueil","item":"https:\/\/parapharmolivier.com\/"},{"@type":"ListItem","position":2,"name":"Shop","item":"https:\/\/parapharmolivier.com\/index.php\/shop\/"},{"@type":"ListItem","position":3,"name":"Nutraxin Vitals: complexe multi vitamines pour Hommes"}]},{"@type":"WebSite","@id":"https:\/\/parapharmolivier.com\/#website","url":"https:\/\/parapharmolivier.com\/","name":"parapharmolivier.com","description":"L&#039;olivier toujours dans votre service","publisher":{"@id":"https:\/\/parapharmolivier.com\/#organization"},"alternateName":"Parapharmacie L''Olivier","potentialAction":[{"@type":"SearchAction","target":{"@type":"EntryPoint","urlTemplate":"https:\/\/parapharmolivier.com\/?s={search_term_string}"},"query-input":"required name=search_term_string"}],"inLanguage":"fr-FR"},{"@type":"Organization","@id":"https:\/\/parapharmolivier.com\/#organization","name":"Parapharmacie l'Olivier","url":"https:\/\/parapharmolivier.com\/","logo":{"@type":"ImageObject","inLanguage":"fr-FR","@id":"https:\/\/parapharmolivier.com\/#\/schema\/logo\/image\/","url":"https:\/\/parapharmolivier.com\/wp-content\/uploads\/2024\/03\/Pharmacie-l-Olivier-Logo.png","contentUrl":"https:\/\/parapharmolivier.com\/wp-content\/uploads\/2024\/03\/Pharmacie-l-Olivier-Logo.png","width":6300,"height":2752,"caption":"Parapharmacie l'Olivier"},"image":{"@id":"https:\/\/parapharmolivier.com\/#\/schema\/logo\/image\/"},"sameAs":["https:\/\/www.facebook.com\/profile.php?id=100042409962367&locale=fr_FR","https:\/\/www.instagram.com\/pharmacie_l.olivier_said_hamdi\/"]}]}},"jetpack_sharing_enabled":true,"_links":{"self":[{"href":"https:\/\/parapharmolivier.com\/index.php\/wp-json\/wp\/v2\/product\/9966"}],"collection":[{"href":"https:\/\/parapharmolivier.com\/index.php\/wp-json\/wp\/v2\/product"}],"about":[{"href":"https:\/\/parapharmolivier.com\/index.php\/wp-json\/wp\/v2\/types\/product"}],"replies":[{"embeddable":true,"href":"https:\/\/parapharmolivier.com\/index.php\/wp-json\/wp\/v2\/comments?post=9966"}],"wp:featuredmedia":[{"embeddable":true,"href":"https:\/\/parapharmolivier.com\/index.php\/wp-json\/wp\/v2\/media\/9967"}],"wp:attachment":[{"href":"https:\/\/parapharmolivier.com\/index.php\/wp-json\/wp\/v2\/media?parent=9966"}],"wp:term":[{"taxonomy":"product_cat","embeddable":true,"href":"https:\/\/parapharmolivier.com\/index.php\/wp-json\/wp\/v2\/product_cat?post=9966"},{"taxonomy":"product_tag","embeddable":true,"href":"https:\/\/parapharmolivier.com\/index.php\/wp-json\/wp\/v2\/product_tag?post=9966"}],"curies":[{"name":"wp","href":"https:\/\/api.w.org\/{rel}","templated":true}]}}