{"id":9997,"date":"2024-05-23T15:17:19","date_gmt":"2024-05-23T13:17:19","guid":{"rendered":"https:\/\/parapharmolivier.com\/?post_type=product&#038;p=9997"},"modified":"2024-05-23T15:17:19","modified_gmt":"2024-05-23T13:17:19","slug":"nutraxin-vitals-vitamine-b12","status":"publish","type":"product","link":"https:\/\/parapharmolivier.com\/index.php\/product\/nutraxin-vitals-vitamine-b12\/","title":{"rendered":"Nutraxin vitals vitamine B12"},"content":{"rendered":"<ul class=\"list_check\" data-spm-anchor-id=\"a2g0o.detail.1000023.i1.7be465a3WXGiRx\">\n<li>\n<p data-spm-anchor-id=\"a2g0o.detail.1000023.i0.7be465a3WXGiRx\">La vitamine B12 aide \u00e0 \u00e9tablir un \u00e9change d&#8217;\u00e9nergie correct dans le corps.<\/p>\n<\/li>\n<li>Assurer le m\u00e9tabolisme normal de l&#8217;homomyst\u00e9ine (acides amin\u00e9s sulfureux) dans le corps.<\/li>\n<li>Formation correcte de rouges dans le sang.<\/li>\n<li>Assurer un travail sain des syst\u00e8mes immunitaires et nerveux.<\/li>\n<li>Restauration de la vitalit\u00e9 du corps \u00e9puis\u00e9.<\/li>\n<li>Surmontant les sympt\u00f4mes de la d\u00e9pression, de la fatigue chroniques et de l&#8217;insomnie.<\/li>\n<li>\n<p data-spm-anchor-id=\"a2g0o.detail.1000023.i3.7be465a3WXGiRx\">Responsable de la r\u00e9g\u00e9n\u00e9ration et de la nouvelle formation des coques de fibres nerveuses (\u00e9galement connues sous le nom de coques de myeline), qui prot\u00e8gent les nerfs et assurent une transmission correcte et efficace de la fibre nerveuse.Am\u00e9liore les fonctions cognitives du cerveau: concentration, m\u00e9moire, attention et concentration.<\/p>\n<\/li>\n<li>\n<p data-spm-anchor-id=\"a2g0o.detail.1000023.i3.7be465a3WXGiRx\">Bon fonctionnement du flux sanguin et des processus de division cellulaire.<\/p>\n<\/li>\n<li>\n<p data-spm-anchor-id=\"a2g0o.detail.1000023.i3.7be465a3WXGiRx\">La vitamine B12 renforce les cheveux, pr\u00e9vient la perte, r\u00e9duit la fragilit\u00e9 et am\u00e9liore l&#8217;apport sanguin dans les cellules du cuir chevelu.<\/p>\n<\/li>\n<\/ul>\n","protected":false},"excerpt":{"rendered":"<p>Nutraxin Vitamine B12 1000 mcg est un comprim\u00e9 sublingual de m\u00e9thylcobolamine hautement biodisponible \u00e0 dissolution rapide. Les comprim\u00e9s sublinguaux se dissolvent en une minute et conviennent \u00e0 un usage v\u00e9g\u00e9tarien et v\u00e9g\u00e9talien.<\/p>\n","protected":false},"featured_media":9998,"comment_status":"open","ping_status":"closed","template":"","meta":[],"product_cat":[175,319,176,376],"product_tag":[],"yoast_head":"<!-- This site is optimized with the Yoast SEO plugin v22.4 - https:\/\/yoast.com\/wordpress\/plugins\/seo\/ -->\n<title>Nutraxin vitals vitamine B12 - parapharmolivier<\/title>\n<meta name=\"description\" content=\"Nutraxin Vitamine B12 1000 mcg est un comprim\u00e9 sublingual de m\u00e9thylcobolamine hautement biodisponible \u00e0 dissolution rapide. Les comprim\u00e9s sublinguaux se dissolvent en une minute et conviennent \u00e0 un usage v\u00e9g\u00e9tarien et v\u00e9g\u00e9talien.\" \/>\n<meta name=\"robots\" content=\"index, follow, max-snippet:-1, max-image-preview:large, max-video-preview:-1\" \/>\n<link rel=\"canonical\" href=\"https:\/\/parapharmolivier.com\/index.php\/product\/nutraxin-vitals-vitamine-b12\/\" \/>\n<meta property=\"og:locale\" content=\"fr_FR\" \/>\n<meta property=\"og:type\" content=\"article\" \/>\n<meta property=\"og:title\" content=\"Nutraxin vitals vitamine B12 - parapharmolivier\" \/>\n<meta property=\"og:description\" content=\"Nutraxin Vitamine B12 1000 mcg est un comprim\u00e9 sublingual de m\u00e9thylcobolamine hautement biodisponible \u00e0 dissolution rapide. Les comprim\u00e9s sublinguaux se dissolvent en une minute et conviennent \u00e0 un usage v\u00e9g\u00e9tarien et v\u00e9g\u00e9talien.\" \/>\n<meta property=\"og:url\" content=\"https:\/\/parapharmolivier.com\/index.php\/product\/nutraxin-vitals-vitamine-b12\/\" \/>\n<meta property=\"og:site_name\" content=\"parapharmolivier\" \/>\n<meta property=\"article:publisher\" content=\"https:\/\/www.facebook.com\/profile.php?id=100042409962367&amp;locale=fr_FR\" \/>\n<meta property=\"og:image\" content=\"https:\/\/parapharmolivier.com\/wp-content\/uploads\/2024\/05\/d8b781aa043845d9b352d20de9b483b6.webp\" \/>\n\t<meta property=\"og:image:width\" content=\"367\" \/>\n\t<meta property=\"og:image:height\" content=\"341\" \/>\n\t<meta property=\"og:image:type\" content=\"image\/webp\" \/>\n<meta name=\"twitter:card\" content=\"summary_large_image\" \/>\n<meta name=\"twitter:label1\" content=\"Dur\u00e9e de lecture estim\u00e9e\" \/>\n\t<meta name=\"twitter:data1\" content=\"1 minute\" \/>\n<script type=\"application\/ld+json\" class=\"yoast-schema-graph\">{\"@context\":\"https:\/\/schema.org\",\"@graph\":[{\"@type\":\"WebPage\",\"@id\":\"https:\/\/parapharmolivier.com\/index.php\/product\/nutraxin-vitals-vitamine-b12\/\",\"url\":\"https:\/\/parapharmolivier.com\/index.php\/product\/nutraxin-vitals-vitamine-b12\/\",\"name\":\"Nutraxin vitals vitamine B12 - parapharmolivier\",\"isPartOf\":{\"@id\":\"https:\/\/parapharmolivier.com\/#website\"},\"primaryImageOfPage\":{\"@id\":\"https:\/\/parapharmolivier.com\/index.php\/product\/nutraxin-vitals-vitamine-b12\/#primaryimage\"},\"image\":{\"@id\":\"https:\/\/parapharmolivier.com\/index.php\/product\/nutraxin-vitals-vitamine-b12\/#primaryimage\"},\"thumbnailUrl\":\"https:\/\/parapharmolivier.com\/wp-content\/uploads\/2024\/05\/d8b781aa043845d9b352d20de9b483b6.webp\",\"datePublished\":\"2024-05-23T13:17:19+00:00\",\"dateModified\":\"2024-05-23T13:17:19+00:00\",\"description\":\"Nutraxin Vitamine B12 1000 mcg est un comprim\u00e9 sublingual de m\u00e9thylcobolamine hautement biodisponible \u00e0 dissolution rapide. Les comprim\u00e9s sublinguaux se dissolvent en une minute et conviennent \u00e0 un usage v\u00e9g\u00e9tarien et v\u00e9g\u00e9talien.\",\"breadcrumb\":{\"@id\":\"https:\/\/parapharmolivier.com\/index.php\/product\/nutraxin-vitals-vitamine-b12\/#breadcrumb\"},\"inLanguage\":\"fr-FR\",\"potentialAction\":[{\"@type\":\"ReadAction\",\"target\":[\"https:\/\/parapharmolivier.com\/index.php\/product\/nutraxin-vitals-vitamine-b12\/\"]}]},{\"@type\":\"ImageObject\",\"inLanguage\":\"fr-FR\",\"@id\":\"https:\/\/parapharmolivier.com\/index.php\/product\/nutraxin-vitals-vitamine-b12\/#primaryimage\",\"url\":\"https:\/\/parapharmolivier.com\/wp-content\/uploads\/2024\/05\/d8b781aa043845d9b352d20de9b483b6.webp\",\"contentUrl\":\"https:\/\/parapharmolivier.com\/wp-content\/uploads\/2024\/05\/d8b781aa043845d9b352d20de9b483b6.webp\",\"width\":367,\"height\":341},{\"@type\":\"BreadcrumbList\",\"@id\":\"https:\/\/parapharmolivier.com\/index.php\/product\/nutraxin-vitals-vitamine-b12\/#breadcrumb\",\"itemListElement\":[{\"@type\":\"ListItem\",\"position\":1,\"name\":\"Accueil\",\"item\":\"https:\/\/parapharmolivier.com\/\"},{\"@type\":\"ListItem\",\"position\":2,\"name\":\"Shop\",\"item\":\"https:\/\/parapharmolivier.com\/index.php\/shop\/\"},{\"@type\":\"ListItem\",\"position\":3,\"name\":\"Nutraxin vitals vitamine B12\"}]},{\"@type\":\"WebSite\",\"@id\":\"https:\/\/parapharmolivier.com\/#website\",\"url\":\"https:\/\/parapharmolivier.com\/\",\"name\":\"parapharmolivier.com\",\"description\":\"L&#039;olivier toujours dans votre service\",\"publisher\":{\"@id\":\"https:\/\/parapharmolivier.com\/#organization\"},\"alternateName\":\"Parapharmacie L''Olivier\",\"potentialAction\":[{\"@type\":\"SearchAction\",\"target\":{\"@type\":\"EntryPoint\",\"urlTemplate\":\"https:\/\/parapharmolivier.com\/?s={search_term_string}\"},\"query-input\":\"required name=search_term_string\"}],\"inLanguage\":\"fr-FR\"},{\"@type\":\"Organization\",\"@id\":\"https:\/\/parapharmolivier.com\/#organization\",\"name\":\"Parapharmacie l'Olivier\",\"url\":\"https:\/\/parapharmolivier.com\/\",\"logo\":{\"@type\":\"ImageObject\",\"inLanguage\":\"fr-FR\",\"@id\":\"https:\/\/parapharmolivier.com\/#\/schema\/logo\/image\/\",\"url\":\"https:\/\/parapharmolivier.com\/wp-content\/uploads\/2024\/03\/Pharmacie-l-Olivier-Logo.png\",\"contentUrl\":\"https:\/\/parapharmolivier.com\/wp-content\/uploads\/2024\/03\/Pharmacie-l-Olivier-Logo.png\",\"width\":6300,\"height\":2752,\"caption\":\"Parapharmacie l'Olivier\"},\"image\":{\"@id\":\"https:\/\/parapharmolivier.com\/#\/schema\/logo\/image\/\"},\"sameAs\":[\"https:\/\/www.facebook.com\/profile.php?id=100042409962367&locale=fr_FR\",\"https:\/\/www.instagram.com\/pharmacie_l.olivier_said_hamdi\/\"]}]}<\/script>\n<!-- \/ Yoast SEO plugin. -->","yoast_head_json":{"title":"Nutraxin vitals vitamine B12 - parapharmolivier","description":"Nutraxin Vitamine B12 1000 mcg est un comprim\u00e9 sublingual de m\u00e9thylcobolamine hautement biodisponible \u00e0 dissolution rapide. Les comprim\u00e9s sublinguaux se dissolvent en une minute et conviennent \u00e0 un usage v\u00e9g\u00e9tarien et v\u00e9g\u00e9talien.","robots":{"index":"index","follow":"follow","max-snippet":"max-snippet:-1","max-image-preview":"max-image-preview:large","max-video-preview":"max-video-preview:-1"},"canonical":"https:\/\/parapharmolivier.com\/index.php\/product\/nutraxin-vitals-vitamine-b12\/","og_locale":"fr_FR","og_type":"article","og_title":"Nutraxin vitals vitamine B12 - parapharmolivier","og_description":"Nutraxin Vitamine B12 1000 mcg est un comprim\u00e9 sublingual de m\u00e9thylcobolamine hautement biodisponible \u00e0 dissolution rapide. Les comprim\u00e9s sublinguaux se dissolvent en une minute et conviennent \u00e0 un usage v\u00e9g\u00e9tarien et v\u00e9g\u00e9talien.","og_url":"https:\/\/parapharmolivier.com\/index.php\/product\/nutraxin-vitals-vitamine-b12\/","og_site_name":"parapharmolivier","article_publisher":"https:\/\/www.facebook.com\/profile.php?id=100042409962367&locale=fr_FR","og_image":[{"width":367,"height":341,"url":"https:\/\/parapharmolivier.com\/wp-content\/uploads\/2024\/05\/d8b781aa043845d9b352d20de9b483b6.webp","type":"image\/webp"}],"twitter_card":"summary_large_image","twitter_misc":{"Dur\u00e9e de lecture estim\u00e9e":"1 minute"},"schema":{"@context":"https:\/\/schema.org","@graph":[{"@type":"WebPage","@id":"https:\/\/parapharmolivier.com\/index.php\/product\/nutraxin-vitals-vitamine-b12\/","url":"https:\/\/parapharmolivier.com\/index.php\/product\/nutraxin-vitals-vitamine-b12\/","name":"Nutraxin vitals vitamine B12 - parapharmolivier","isPartOf":{"@id":"https:\/\/parapharmolivier.com\/#website"},"primaryImageOfPage":{"@id":"https:\/\/parapharmolivier.com\/index.php\/product\/nutraxin-vitals-vitamine-b12\/#primaryimage"},"image":{"@id":"https:\/\/parapharmolivier.com\/index.php\/product\/nutraxin-vitals-vitamine-b12\/#primaryimage"},"thumbnailUrl":"https:\/\/parapharmolivier.com\/wp-content\/uploads\/2024\/05\/d8b781aa043845d9b352d20de9b483b6.webp","datePublished":"2024-05-23T13:17:19+00:00","dateModified":"2024-05-23T13:17:19+00:00","description":"Nutraxin Vitamine B12 1000 mcg est un comprim\u00e9 sublingual de m\u00e9thylcobolamine hautement biodisponible \u00e0 dissolution rapide. Les comprim\u00e9s sublinguaux se dissolvent en une minute et conviennent \u00e0 un usage v\u00e9g\u00e9tarien et v\u00e9g\u00e9talien.","breadcrumb":{"@id":"https:\/\/parapharmolivier.com\/index.php\/product\/nutraxin-vitals-vitamine-b12\/#breadcrumb"},"inLanguage":"fr-FR","potentialAction":[{"@type":"ReadAction","target":["https:\/\/parapharmolivier.com\/index.php\/product\/nutraxin-vitals-vitamine-b12\/"]}]},{"@type":"ImageObject","inLanguage":"fr-FR","@id":"https:\/\/parapharmolivier.com\/index.php\/product\/nutraxin-vitals-vitamine-b12\/#primaryimage","url":"https:\/\/parapharmolivier.com\/wp-content\/uploads\/2024\/05\/d8b781aa043845d9b352d20de9b483b6.webp","contentUrl":"https:\/\/parapharmolivier.com\/wp-content\/uploads\/2024\/05\/d8b781aa043845d9b352d20de9b483b6.webp","width":367,"height":341},{"@type":"BreadcrumbList","@id":"https:\/\/parapharmolivier.com\/index.php\/product\/nutraxin-vitals-vitamine-b12\/#breadcrumb","itemListElement":[{"@type":"ListItem","position":1,"name":"Accueil","item":"https:\/\/parapharmolivier.com\/"},{"@type":"ListItem","position":2,"name":"Shop","item":"https:\/\/parapharmolivier.com\/index.php\/shop\/"},{"@type":"ListItem","position":3,"name":"Nutraxin vitals vitamine B12"}]},{"@type":"WebSite","@id":"https:\/\/parapharmolivier.com\/#website","url":"https:\/\/parapharmolivier.com\/","name":"parapharmolivier.com","description":"L&#039;olivier toujours dans votre service","publisher":{"@id":"https:\/\/parapharmolivier.com\/#organization"},"alternateName":"Parapharmacie L''Olivier","potentialAction":[{"@type":"SearchAction","target":{"@type":"EntryPoint","urlTemplate":"https:\/\/parapharmolivier.com\/?s={search_term_string}"},"query-input":"required name=search_term_string"}],"inLanguage":"fr-FR"},{"@type":"Organization","@id":"https:\/\/parapharmolivier.com\/#organization","name":"Parapharmacie l'Olivier","url":"https:\/\/parapharmolivier.com\/","logo":{"@type":"ImageObject","inLanguage":"fr-FR","@id":"https:\/\/parapharmolivier.com\/#\/schema\/logo\/image\/","url":"https:\/\/parapharmolivier.com\/wp-content\/uploads\/2024\/03\/Pharmacie-l-Olivier-Logo.png","contentUrl":"https:\/\/parapharmolivier.com\/wp-content\/uploads\/2024\/03\/Pharmacie-l-Olivier-Logo.png","width":6300,"height":2752,"caption":"Parapharmacie l'Olivier"},"image":{"@id":"https:\/\/parapharmolivier.com\/#\/schema\/logo\/image\/"},"sameAs":["https:\/\/www.facebook.com\/profile.php?id=100042409962367&locale=fr_FR","https:\/\/www.instagram.com\/pharmacie_l.olivier_said_hamdi\/"]}]}},"jetpack_sharing_enabled":true,"_links":{"self":[{"href":"https:\/\/parapharmolivier.com\/index.php\/wp-json\/wp\/v2\/product\/9997"}],"collection":[{"href":"https:\/\/parapharmolivier.com\/index.php\/wp-json\/wp\/v2\/product"}],"about":[{"href":"https:\/\/parapharmolivier.com\/index.php\/wp-json\/wp\/v2\/types\/product"}],"replies":[{"embeddable":true,"href":"https:\/\/parapharmolivier.com\/index.php\/wp-json\/wp\/v2\/comments?post=9997"}],"wp:featuredmedia":[{"embeddable":true,"href":"https:\/\/parapharmolivier.com\/index.php\/wp-json\/wp\/v2\/media\/9998"}],"wp:attachment":[{"href":"https:\/\/parapharmolivier.com\/index.php\/wp-json\/wp\/v2\/media?parent=9997"}],"wp:term":[{"taxonomy":"product_cat","embeddable":true,"href":"https:\/\/parapharmolivier.com\/index.php\/wp-json\/wp\/v2\/product_cat?post=9997"},{"taxonomy":"product_tag","embeddable":true,"href":"https:\/\/parapharmolivier.com\/index.php\/wp-json\/wp\/v2\/product_tag?post=9997"}],"curies":[{"name":"wp","href":"https:\/\/api.w.org\/{rel}","templated":true}]}}